Last updated on 2022-04-24 03:52:38 CEST.
Flavor | Version | Tinstall | Tcheck | Ttotal | Status | Flags |
---|---|---|---|---|---|---|
r-devel-linux-x86_64-debian-clang | 0.5-0 | 71.38 | 561.44 | 632.82 | OK | |
r-devel-linux-x86_64-debian-gcc | 0.5-0 | 62.06 | 446.74 | 508.80 | OK | |
r-devel-linux-x86_64-fedora-clang | 0.5-0 | 790.14 | NOTE | |||
r-devel-linux-x86_64-fedora-gcc | 0.5-0 | 796.17 | OK | |||
r-patched-linux-x86_64 | 0.5-0 | 67.42 | 575.14 | 642.56 | OK | |
r-release-linux-x86_64 | 0.5-0 | 64.64 | 553.45 | 618.09 | OK | |
r-release-macos-arm64 | 0.5-0 | NOTE | ||||
r-release-macos-x86_64 | 0.5-0 | NOTE | ||||
r-release-windows-x86_64 | 0.5-0 | 86.00 | 531.00 | 617.00 | OK | |
r-oldrel-macos-arm64 | 0.5-0 | NOTE | ||||
r-oldrel-macos-x86_64 | 0.5-0 | NOTE | ||||
r-oldrel-windows-ix86+x86_64 | 0.5-0 | 156.00 | 538.00 | 694.00 | OK |
Version: 0.5-0
Check: installed package size
Result: NOTE
installed size is 14.6Mb
sub-directories of 1Mb or more:
libs 13.2Mb
Flavors: r-devel-linux-x86_64-fedora-clang, r-release-macos-arm64, r-release-macos-x86_64, r-oldrel-macos-arm64, r-oldrel-macos-x86_64