Last updated on 2022-04-24 03:52:38 CEST.
Flavor | Version | Tinstall | Tcheck | Ttotal | Status | Flags |
---|---|---|---|---|---|---|
r-devel-linux-x86_64-debian-clang | 1.0.3 | 2.01 | 29.21 | 31.22 | NOTE | |
r-devel-linux-x86_64-debian-gcc | 1.0.3 | 1.58 | 22.19 | 23.77 | NOTE | |
r-devel-linux-x86_64-fedora-clang | 1.0.3 | 38.38 | NOTE | |||
r-devel-linux-x86_64-fedora-gcc | 1.0.3 | 27.02 | NOTE | |||
r-patched-linux-x86_64 | 1.0.3 | 1.82 | 28.63 | 30.45 | NOTE | |
r-release-linux-x86_64 | 1.0.3 | 1.80 | 27.15 | 28.95 | NOTE | |
r-release-macos-arm64 | 1.0.3 | NOTE | ||||
r-release-macos-x86_64 | 1.0.3 | NOTE | ||||
r-release-windows-x86_64 | 1.0.3 | 9.00 | 41.00 | 50.00 | NOTE | |
r-oldrel-macos-arm64 | 1.0.3 | NOTE | ||||
r-oldrel-macos-x86_64 | 1.0.3 | NOTE | ||||
r-oldrel-windows-ix86+x86_64 | 1.0.3 | 4.00 | 22.00 | 26.00 | NOTE |
Version: 1.0.3
Check: DESCRIPTION meta-information
Result: NOTE
Malformed Title field: should not end in a period.
Flavors: r-devel-linux-x86_64-debian-clang, r-devel-linux-x86_64-debian-gcc, r-devel-linux-x86_64-fedora-clang, r-devel-linux-x86_64-fedora-gcc, r-patched-linux-x86_64, r-release-linux-x86_64, r-release-macos-arm64, r-release-macos-x86_64, r-release-windows-x86_64, r-oldrel-macos-arm64, r-oldrel-macos-x86_64, r-oldrel-windows-ix86+x86_64
Version: 1.0.3
Check: R code for possible problems
Result: NOTE
capture: no visible binding for global variable 'resultText'
restore.session: no visible binding for global variable
'.save.session.packages'
restore.session: no visible binding for global variable
'.save.session.search'
save.session: no visible global function definition for 'dev.list'
save.session: no visible binding for '<<-' assignment to
'.save.session.search'
save.session: no visible binding for '<<-' assignment to
'.save.session.packages'
Undefined global functions or variables:
.save.session.packages .save.session.search dev.list resultText
Consider adding
importFrom("grDevices", "dev.list")
to your NAMESPACE file.
Found the following calls to attach():
File 'session/R/session.R':
attach(sub("file:", "", i))
See section 'Good practice' in '?attach'.
Flavors: r-devel-linux-x86_64-debian-clang, r-devel-linux-x86_64-debian-gcc, r-patched-linux-x86_64, r-release-linux-x86_64
Version: 1.0.3
Check: for non-standard things in the check directory
Result: NOTE
Found the following files/directories:
'RSession.Rda'
Flavors: r-devel-linux-x86_64-debian-clang, r-devel-linux-x86_64-debian-gcc, r-devel-linux-x86_64-fedora-clang, r-devel-linux-x86_64-fedora-gcc, r-patched-linux-x86_64, r-release-linux-x86_64
Version: 1.0.3
Check: R code for possible problems
Result: NOTE
capture: no visible binding for global variable ‘resultText’
restore.session: no visible binding for global variable
‘.save.session.packages’
restore.session: no visible binding for global variable
‘.save.session.search’
save.session: no visible global function definition for ‘dev.list’
save.session: no visible binding for '<<-' assignment to
‘.save.session.search’
save.session: no visible binding for '<<-' assignment to
‘.save.session.packages’
Undefined global functions or variables:
.save.session.packages .save.session.search dev.list resultText
Consider adding
importFrom("grDevices", "dev.list")
to your NAMESPACE file.
Flavors: r-devel-linux-x86_64-fedora-clang, r-devel-linux-x86_64-fedora-gcc, r-release-macos-arm64, r-release-macos-x86_64, r-release-windows-x86_64, r-oldrel-macos-arm64, r-oldrel-macos-x86_64, r-oldrel-windows-ix86+x86_64