Last updated on 2022-04-24 03:52:38 CEST.
Flavor | Version | Tinstall | Tcheck | Ttotal | Status | Flags |
---|---|---|---|---|---|---|
r-devel-linux-x86_64-debian-clang | 1.2 | 1.98 | 33.15 | 35.13 | NOTE | |
r-devel-linux-x86_64-debian-gcc | 1.2 | 1.80 | 24.89 | 26.69 | NOTE | |
r-devel-linux-x86_64-fedora-clang | 1.2 | 42.47 | NOTE | |||
r-devel-linux-x86_64-fedora-gcc | 1.2 | 30.92 | NOTE | |||
r-patched-linux-x86_64 | 1.2 | 2.06 | 31.39 | 33.45 | NOTE | |
r-release-linux-x86_64 | 1.2 | 2.13 | 30.43 | 32.56 | NOTE | |
r-release-macos-arm64 | 1.2 | NOTE | ||||
r-release-macos-x86_64 | 1.2 | NOTE | ||||
r-release-windows-x86_64 | 1.2 | 9.00 | 49.00 | 58.00 | NOTE | |
r-oldrel-macos-arm64 | 1.2 | NOTE | ||||
r-oldrel-macos-x86_64 | 1.2 | NOTE | ||||
r-oldrel-windows-ix86+x86_64 | 1.2 | 6.00 | 40.00 | 46.00 | NOTE |
Version: 1.2
Check: LazyData
Result: NOTE
'LazyData' is specified without a 'data' directory
Flavors: r-devel-linux-x86_64-debian-clang, r-devel-linux-x86_64-debian-gcc, r-devel-linux-x86_64-fedora-clang, r-devel-linux-x86_64-fedora-gcc, r-patched-linux-x86_64, r-release-linux-x86_64, r-release-macos-arm64, r-release-macos-x86_64, r-release-windows-x86_64, r-oldrel-macos-arm64, r-oldrel-macos-x86_64, r-oldrel-windows-ix86+x86_64