Last updated on 2022-04-24 03:52:38 CEST.
Flavor | Version | Tinstall | Tcheck | Ttotal | Status | Flags |
---|---|---|---|---|---|---|
r-devel-linux-x86_64-debian-clang | 2.0 | 1.48 | 30.56 | 32.04 | NOTE | |
r-devel-linux-x86_64-debian-gcc | 2.0 | 1.64 | 23.35 | 24.99 | NOTE | |
r-devel-linux-x86_64-fedora-clang | 2.0 | 39.48 | NOTE | |||
r-devel-linux-x86_64-fedora-gcc | 2.0 | 28.50 | NOTE | |||
r-patched-linux-x86_64 | 2.0 | 1.63 | 28.83 | 30.46 | NOTE | |
r-release-linux-x86_64 | 2.0 | 1.59 | 28.44 | 30.03 | NOTE | |
r-release-macos-arm64 | 2.0 | NOTE | ||||
r-release-macos-x86_64 | 2.0 | NOTE | ||||
r-release-windows-x86_64 | 2.0 | 10.00 | 45.00 | 55.00 | NOTE | |
r-oldrel-macos-arm64 | 2.0 | NOTE | ||||
r-oldrel-macos-x86_64 | 2.0 | NOTE | ||||
r-oldrel-windows-ix86+x86_64 | 2.0 | 4.00 | 29.00 | 33.00 | NOTE |
Version: 2.0
Check: dependencies in R code
Result: NOTE
'library' or 'require' call to 'graphics' which was already attached by Depends.
Please remove these calls from your code.
Flavors: r-devel-linux-x86_64-debian-clang, r-devel-linux-x86_64-debian-gcc, r-devel-linux-x86_64-fedora-clang, r-devel-linux-x86_64-fedora-gcc, r-patched-linux-x86_64, r-release-linux-x86_64, r-release-macos-arm64, r-release-macos-x86_64, r-release-windows-x86_64, r-oldrel-macos-arm64, r-oldrel-macos-x86_64, r-oldrel-windows-ix86+x86_64
Version: 2.0
Check: R code for possible problems
Result: NOTE
severity: no visible global function definition for 'qnorm'
severity: no visible global function definition for 'pnorm'
Undefined global functions or variables:
pnorm qnorm
Consider adding
importFrom("stats", "pnorm", "qnorm")
to your NAMESPACE file.
Flavors: r-devel-linux-x86_64-debian-clang, r-devel-linux-x86_64-debian-gcc, r-devel-linux-x86_64-fedora-clang, r-devel-linux-x86_64-fedora-gcc, r-patched-linux-x86_64, r-release-linux-x86_64, r-release-macos-arm64, r-release-macos-x86_64, r-release-windows-x86_64, r-oldrel-macos-arm64, r-oldrel-macos-x86_64, r-oldrel-windows-ix86+x86_64