Last updated on 2022-04-24 03:52:38 CEST.
Flavor | Version | Tinstall | Tcheck | Ttotal | Status | Flags |
---|---|---|---|---|---|---|
r-devel-linux-x86_64-debian-clang | 0.2.0 | 2.23 | 118.51 | 120.74 | OK | |
r-devel-linux-x86_64-debian-gcc | 0.2.0 | 2.22 | 84.58 | 86.80 | OK | |
r-devel-linux-x86_64-fedora-clang | 0.2.0 | 149.18 | OK | |||
r-devel-linux-x86_64-fedora-gcc | 0.2.0 | 137.84 | OK | |||
r-patched-linux-x86_64 | 0.2.0 | 2.28 | 108.41 | 110.69 | OK | |
r-release-linux-x86_64 | 0.2.0 | 2.07 | 104.35 | 106.42 | OK | |
r-release-macos-arm64 | 0.2.0 | OK | ||||
r-release-macos-x86_64 | 0.2.0 | ERROR | ||||
r-release-windows-x86_64 | 0.2.0 | 23.00 | 125.00 | 148.00 | OK | |
r-oldrel-macos-arm64 | 0.2.0 | OK | ||||
r-oldrel-macos-x86_64 | 0.2.0 | ERROR | ||||
r-oldrel-windows-ix86+x86_64 | 0.2.0 | 7.00 | 131.00 | 138.00 | OK |
Version: 0.2.0
Check: tests
Result: ERROR
Running ‘testthat.R’ [24s/25s]
Running the tests in ‘tests/testthat.R’ failed.
Last 13 lines of output:
Cell size set to 0.00524 degrees automatically
Cell size set to 0.00524 degrees automatically
Cell size set to 500 metres automatically
[ FAIL 1 | WARN 1 | SKIP 1 | PASS 161 ]
══ Skipped tests ═══════════════════════════════════════════════════════════════
• On CRAN (1)
══ Failed tests ════════════════════════════════════════════════════════════════
── Failure (test-hotspot_classify.R:54:3): error if values are of the correct type/length but are invalid ──
`hotspot_classify(data_sf, period = "10 years")` did not throw the expected error.
[ FAIL 1 | WARN 1 | SKIP 1 | PASS 161 ]
Error: Test failures
Execution halted
Flavors: r-release-macos-x86_64, r-oldrel-macos-x86_64