Last updated on 2022-04-24 03:52:38 CEST.
Flavor | Version | Tinstall | Tcheck | Ttotal | Status | Flags |
---|---|---|---|---|---|---|
r-devel-linux-x86_64-debian-clang | 0.1.1 | 2.89 | 42.65 | 45.54 | OK | |
r-devel-linux-x86_64-debian-gcc | 0.1.1 | 2.98 | 32.85 | 35.83 | OK | |
r-devel-linux-x86_64-fedora-clang | 0.1.1 | 57.66 | OK | |||
r-devel-linux-x86_64-fedora-gcc | 0.1.1 | 46.47 | OK | |||
r-patched-linux-x86_64 | 0.1.1 | 3.44 | 40.98 | 44.42 | OK | |
r-release-linux-x86_64 | 0.1.1 | 3.12 | 41.43 | 44.55 | OK | |
r-release-macos-arm64 | 0.1.1 | OK | ||||
r-release-macos-x86_64 | 0.1.1 | WARN | ||||
r-release-windows-x86_64 | 0.1.1 | 19.00 | 70.00 | 89.00 | OK | |
r-oldrel-macos-arm64 | 0.1.1 | OK | ||||
r-oldrel-macos-x86_64 | 0.1.1 | WARN | ||||
r-oldrel-windows-ix86+x86_64 | 0.1.1 | 8.00 | 54.00 | 62.00 | OK |
Version: 0.1.1
Check: re-building of vignette outputs
Result: WARN
Error(s) in re-building vignettes:
--- re-building ‘v1_intro.Rmd’ using rmarkdown
Warning in engine$weave(file, quiet = quiet, encoding = enc) :
Pandoc (>= 1.12.3) not available. Falling back to R Markdown v1.
--- finished re-building ‘v1_intro.Rmd’
--- re-building ‘v3_analyzing_landing.Rmd’ using rmarkdown
Warning in engine$weave(file, quiet = quiet, encoding = enc) :
Pandoc (>= 1.12.3) not available. Falling back to R Markdown v1.
Attaching package: 'dplyr'
The following objects are masked from 'package:stats':
filter, lag
The following objects are masked from 'package:base':
intersect, setdiff, setequal, union
Loading required package: ggplot2
Attaching package: 'plotly'
The following object is masked from 'package:ggplot2':
last_plot
The following object is masked from 'package:stats':
filter
The following object is masked from 'package:graphics':
layout
PhantomJS not found. You can install it with webshot::install_phantomjs(). If it is installed, please make sure the phantomjs executable can be found via the PATH variable.
PhantomJS not found. You can install it with webshot::install_phantomjs(). If it is installed, please make sure the phantomjs executable can be found via the PATH variable.
Quitting from lines 61-70 (v3_analyzing_landing.Rmd)
Error: processing vignette 'v3_analyzing_landing.Rmd' failed with diagnostics:
invalid 'path' argument
--- failed re-building ‘v3_analyzing_landing.Rmd’
SUMMARY: processing the following file failed:
‘v3_analyzing_landing.Rmd’
Error: Vignette re-building failed.
Execution halted
Flavors: r-release-macos-x86_64, r-oldrel-macos-x86_64