Last updated on 2022-04-24 03:52:38 CEST.
Flavor | Version | Tinstall | Tcheck | Ttotal | Status | Flags |
---|---|---|---|---|---|---|
r-devel-linux-x86_64-debian-clang | 1.1-13 | 8.18 | 83.85 | 92.03 | OK | |
r-devel-linux-x86_64-debian-gcc | 1.1-13 | 7.34 | 62.68 | 70.02 | OK | |
r-devel-linux-x86_64-fedora-clang | 1.1-13 | 119.67 | OK | |||
r-devel-linux-x86_64-fedora-gcc | 1.1-13 | 102.03 | OK | |||
r-patched-linux-x86_64 | 1.1-13 | 10.65 | 79.64 | 90.29 | OK | |
r-release-linux-x86_64 | 1.1-13 | 8.56 | 76.32 | 84.88 | OK | |
r-release-macos-arm64 | 1.1-13 | NOTE | ||||
r-release-macos-x86_64 | 1.1-13 | OK | ||||
r-release-windows-x86_64 | 1.1-13 | 80.00 | 139.00 | 219.00 | OK | |
r-oldrel-macos-arm64 | 1.1-13 | NOTE | ||||
r-oldrel-macos-x86_64 | 1.1-13 | OK | ||||
r-oldrel-windows-ix86+x86_64 | 1.1-13 | 14.00 | 112.00 | 126.00 | OK |
Version: 1.1-13
Check: package dependencies
Result: NOTE
Package which this enhances but not available for checking: ‘polynom’
Flavors: r-release-macos-arm64, r-oldrel-macos-arm64