Last updated on 2022-04-24 03:52:38 CEST.
| Flavor | Version | Tinstall | Tcheck | Ttotal | Status | Flags | 
|---|---|---|---|---|---|---|
| r-devel-linux-x86_64-debian-clang | 1.1.1 | 45.96 | 49.99 | 95.95 | OK | |
| r-devel-linux-x86_64-debian-gcc | 1.1.1 | 36.36 | 38.89 | 75.25 | OK | |
| r-devel-linux-x86_64-fedora-clang | 1.1.1 | 132.66 | OK | |||
| r-devel-linux-x86_64-fedora-gcc | 1.1.1 | 116.61 | OK | |||
| r-patched-linux-x86_64 | 1.1.1 | 44.46 | 49.93 | 94.39 | OK | |
| r-release-linux-x86_64 | 1.1.1 | 39.75 | 46.72 | 86.47 | OK | |
| r-release-macos-arm64 | 1.1.1 | NOTE | ||||
| r-release-macos-x86_64 | 1.1.1 | OK | ||||
| r-release-windows-x86_64 | 1.1.1 | 47.00 | 93.00 | 140.00 | OK | |
| r-oldrel-macos-arm64 | 1.1.1 | NOTE | ||||
| r-oldrel-macos-x86_64 | 1.1.1 | OK | ||||
| r-oldrel-windows-ix86+x86_64 | 1.1.1 | 109.00 | 85.00 | 194.00 | OK | 
Version: 1.1.1
Check: installed package size
Result: NOTE
      installed size is  5.7Mb
      sub-directories of 1Mb or more:
        libs   4.9Mb
Flavors: r-release-macos-arm64, r-oldrel-macos-arm64