Last updated on 2022-04-24 03:52:38 CEST.
Flavor | Version | Tinstall | Tcheck | Ttotal | Status | Flags |
---|---|---|---|---|---|---|
r-devel-linux-x86_64-debian-clang | 1.0-27 | 5.17 | 43.50 | 48.67 | OK | |
r-devel-linux-x86_64-debian-gcc | 1.0-27 | 3.09 | 33.01 | 36.10 | OK | |
r-devel-linux-x86_64-fedora-clang | 1.0-27 | 58.38 | NOTE | |||
r-devel-linux-x86_64-fedora-gcc | 1.0-27 | 47.21 | NOTE | |||
r-patched-linux-x86_64 | 1.0-27 | 5.17 | 42.76 | 47.93 | OK | |
r-release-linux-x86_64 | 1.0-27 | 3.88 | 41.09 | 44.97 | OK | |
r-release-macos-arm64 | 1.0-27 | OK | ||||
r-release-macos-x86_64 | 1.0-27 | NOTE | ||||
r-release-windows-x86_64 | 1.0-27 | 33.00 | 63.00 | 96.00 | OK | |
r-oldrel-macos-arm64 | 1.0-27 | OK | ||||
r-oldrel-macos-x86_64 | 1.0-27 | NOTE | ||||
r-oldrel-windows-ix86+x86_64 | 1.0-27 | 9.00 | 50.00 | 59.00 | OK |
Version: 1.0-27
Check: Rd cross-references
Result: NOTE
Undeclared package ‘tripack’ in Rd xrefs
Flavor: r-devel-linux-x86_64-fedora-clang
Version: 1.0-27
Check: compiled code
Result: NOTE
File ‘sgeostat/libs/sgeostat.so’:
Found no calls to: ‘R_registerRoutines’, ‘R_useDynamicSymbols’
It is good practice to register native routines and to disable symbol
search.
See ‘Writing portable packages’ in the ‘Writing R Extensions’ manual.
Flavors: r-devel-linux-x86_64-fedora-clang, r-devel-linux-x86_64-fedora-gcc
Version: 1.0-27
Check: Rd cross-references
Result: NOTE
Package unavailable to check Rd xrefs: ‘tripack’
Flavors: r-release-macos-x86_64, r-oldrel-macos-x86_64