Last updated on 2022-04-24 03:52:38 CEST.
Flavor | Version | Tinstall | Tcheck | Ttotal | Status | Flags |
---|---|---|---|---|---|---|
r-devel-linux-x86_64-debian-clang | 1.3.8 | 95.07 | 90.20 | 185.27 | OK | |
r-devel-linux-x86_64-debian-gcc | 1.3.8 | 55.63 | 69.02 | 124.65 | OK | |
r-devel-linux-x86_64-fedora-clang | 1.3.8 | 254.01 | NOTE | |||
r-devel-linux-x86_64-fedora-gcc | 1.3.8 | 194.09 | OK | |||
r-patched-linux-x86_64 | 1.3.8 | 55.30 | 86.09 | 141.39 | OK | |
r-release-linux-x86_64 | 1.3.8 | 58.19 | 85.00 | 143.19 | OK | |
r-release-macos-arm64 | 1.3.8 | NOTE | ||||
r-release-macos-x86_64 | 1.3.8 | NOTE | ||||
r-release-windows-x86_64 | 1.3.8 | 173.00 | 144.00 | 317.00 | OK | |
r-oldrel-macos-arm64 | 1.3.8 | NOTE | ||||
r-oldrel-macos-x86_64 | 1.3.8 | NOTE | ||||
r-oldrel-windows-ix86+x86_64 | 1.3.8 | 144.00 | 135.00 | 279.00 | OK |
Version: 1.3.8
Check: installed package size
Result: NOTE
installed size is 8.9Mb
sub-directories of 1Mb or more:
libs 7.4Mb
Flavors: r-devel-linux-x86_64-fedora-clang, r-release-macos-arm64, r-release-macos-x86_64, r-oldrel-macos-arm64, r-oldrel-macos-x86_64