Last updated on 2022-04-24 03:52:38 CEST.
Flavor | Version | Tinstall | Tcheck | Ttotal | Status | Flags |
---|---|---|---|---|---|---|
r-devel-linux-x86_64-debian-clang | 0.1.1 | 6.10 | 72.89 | 78.99 | NOTE | |
r-devel-linux-x86_64-debian-gcc | 0.1.1 | 3.01 | 53.83 | 56.84 | NOTE | |
r-devel-linux-x86_64-fedora-clang | 0.1.1 | 93.91 | NOTE | |||
r-devel-linux-x86_64-fedora-gcc | 0.1.1 | 81.97 | NOTE | |||
r-patched-linux-x86_64 | 0.1.1 | 4.53 | 69.28 | 73.81 | NOTE | |
r-release-linux-x86_64 | 0.1.1 | 5.29 | 65.36 | 70.65 | NOTE | |
r-release-macos-arm64 | 0.1.1 | NOTE | ||||
r-release-macos-x86_64 | 0.1.1 | NOTE | ||||
r-release-windows-x86_64 | 0.1.1 | 16.00 | 93.00 | 109.00 | NOTE | |
r-oldrel-macos-arm64 | 0.1.1 | NOTE | ||||
r-oldrel-macos-x86_64 | 0.1.1 | NOTE | ||||
r-oldrel-windows-ix86+x86_64 | 0.1.1 | 14.00 | 85.00 | 99.00 | NOTE |
Version: 0.1.1
Check: LazyData
Result: NOTE
'LazyData' is specified without a 'data' directory
Flavors: r-devel-linux-x86_64-debian-clang, r-devel-linux-x86_64-debian-gcc, r-devel-linux-x86_64-fedora-clang, r-devel-linux-x86_64-fedora-gcc, r-patched-linux-x86_64, r-release-linux-x86_64, r-release-macos-arm64, r-release-macos-x86_64, r-release-windows-x86_64, r-oldrel-macos-arm64, r-oldrel-macos-x86_64, r-oldrel-windows-ix86+x86_64