Last updated on 2022-04-24 03:52:38 CEST.
Flavor | Version | Tinstall | Tcheck | Ttotal | Status | Flags |
---|---|---|---|---|---|---|
r-devel-linux-x86_64-debian-clang | 1.4.2 | 19.48 | 41.38 | 60.86 | OK | |
r-devel-linux-x86_64-debian-gcc | 1.4.2 | 13.97 | 31.94 | 45.91 | OK | |
r-devel-linux-x86_64-fedora-clang | 1.4.2 | 78.92 | OK | |||
r-devel-linux-x86_64-fedora-gcc | 1.4.2 | 2.33 | ERROR | |||
r-patched-linux-x86_64 | 1.4.2 | 16.17 | 40.09 | 56.26 | OK | |
r-release-linux-x86_64 | 1.4.2 | 17.03 | 38.73 | 55.76 | OK | |
r-release-macos-arm64 | 1.4.2 | OK | ||||
r-release-macos-x86_64 | 1.4.2 | OK | ||||
r-release-windows-x86_64 | 1.4.2 | 38.00 | 76.00 | 114.00 | OK | |
r-oldrel-macos-arm64 | 1.4.2 | OK | ||||
r-oldrel-macos-x86_64 | 1.4.2 | OK | ||||
r-oldrel-windows-ix86+x86_64 | 1.4.2 | 45.00 | 76.00 | 121.00 | OK |
Version: 1.4.2
Check: package dependencies
Result: ERROR
Package required but not available: ‘ghyp’
See section ‘The DESCRIPTION file’ in the ‘Writing R Extensions’
manual.
Flavor: r-devel-linux-x86_64-fedora-gcc