Last updated on 2022-04-24 03:52:38 CEST.
Flavor | Version | Tinstall | Tcheck | Ttotal | Status | Flags |
---|---|---|---|---|---|---|
r-devel-linux-x86_64-debian-clang | 1.9 | 42.61 | 405.71 | 448.32 | NOTE | |
r-devel-linux-x86_64-debian-gcc | 1.9 | 36.60 | 293.42 | 330.02 | WARN | |
r-devel-linux-x86_64-fedora-clang | 1.9 | 564.69 | NOTE | |||
r-devel-linux-x86_64-fedora-gcc | 1.9 | 538.75 | WARN | |||
r-patched-linux-x86_64 | 1.9 | 43.16 | 381.59 | 424.75 | NOTE | |
r-release-linux-x86_64 | 1.9 | 25.40 | 341.27 | 366.67 | NOTE | |
r-release-macos-arm64 | 1.9 | NOTE | ||||
r-release-macos-x86_64 | 1.9 | NOTE | ||||
r-release-windows-x86_64 | 1.9 | 96.00 | 385.00 | 481.00 | NOTE | |
r-oldrel-macos-arm64 | 1.9 | NOTE | ||||
r-oldrel-macos-x86_64 | 1.9 | NOTE | ||||
r-oldrel-windows-ix86+x86_64 | 1.9 | 85.00 | 393.00 | 478.00 | NOTE |
Version: 1.9
Check: package dependencies
Result: NOTE
Package suggested but not available for checking: 'hydromad'
Flavors: r-devel-linux-x86_64-debian-clang, r-devel-linux-x86_64-fedora-clang, r-patched-linux-x86_64, r-release-linux-x86_64, r-release-macos-arm64, r-release-macos-x86_64, r-release-windows-x86_64, r-oldrel-macos-arm64, r-oldrel-macos-x86_64, r-oldrel-windows-ix86+x86_64
Version: 1.9
Check: package dependencies
Result: WARN
Package suggested but not available for checking: ‘hydromad’
Requires orphaned package: ‘circular’
Flavors: r-devel-linux-x86_64-debian-gcc, r-devel-linux-x86_64-fedora-gcc