Last updated on 2022-04-24 03:52:38 CEST.
Flavor | Version | Tinstall | Tcheck | Ttotal | Status | Flags |
---|---|---|---|---|---|---|
r-devel-linux-x86_64-debian-clang | 1.7.1 | 40.68 | 160.56 | 201.24 | OK | |
r-devel-linux-x86_64-debian-gcc | 1.7.1 | 28.67 | 119.50 | 148.17 | OK | |
r-devel-linux-x86_64-fedora-clang | 1.7.1 | 241.88 | NOTE | |||
r-devel-linux-x86_64-fedora-gcc | 1.7.1 | 231.36 | OK | |||
r-patched-linux-x86_64 | 1.7.1 | 42.04 | 153.17 | 195.21 | OK | |
r-release-linux-x86_64 | 1.7.1 | 36.42 | 148.95 | 185.37 | OK | |
r-release-macos-arm64 | 1.7.1 | NOTE | ||||
r-release-macos-x86_64 | 1.7.1 | NOTE | ||||
r-release-windows-x86_64 | 1.7.1 | 276.00 | 215.00 | 491.00 | NOTE | |
r-oldrel-macos-arm64 | 1.7.1 | NOTE | ||||
r-oldrel-macos-x86_64 | 1.7.1 | NOTE | ||||
r-oldrel-windows-ix86+x86_64 | 1.7.1 | 61.00 | 194.00 | 255.00 | NOTE |
Version: 1.7.1
Check: installed package size
Result: NOTE
installed size is 10.2Mb
sub-directories of 1Mb or more:
R 1.6Mb
www 7.2Mb
Flavors: r-devel-linux-x86_64-fedora-clang, r-release-macos-arm64, r-release-macos-x86_64, r-release-windows-x86_64, r-oldrel-macos-arm64, r-oldrel-macos-x86_64, r-oldrel-windows-ix86+x86_64