Last updated on 2022-04-24 03:52:38 CEST.
Flavor | Version | Tinstall | Tcheck | Ttotal | Status | Flags |
---|---|---|---|---|---|---|
r-devel-linux-x86_64-debian-clang | 0.4.3 | 8.22 | 70.96 | 79.18 | OK | |
r-devel-linux-x86_64-debian-gcc | 0.4.3 | 6.52 | 55.02 | 61.54 | OK | |
r-devel-linux-x86_64-fedora-clang | 0.4.3 | 95.99 | NOTE | |||
r-devel-linux-x86_64-fedora-gcc | 0.4.3 | 83.25 | OK | |||
r-patched-linux-x86_64 | 0.4.3 | 9.12 | 68.67 | 77.79 | OK | |
r-release-linux-x86_64 | 0.4.3 | 7.30 | 69.55 | 76.85 | OK | |
r-release-macos-arm64 | 0.4.3 | NOTE | ||||
r-release-macos-x86_64 | 0.4.3 | NOTE | ||||
r-release-windows-x86_64 | 0.4.3 | 137.00 | 113.00 | 250.00 | NOTE | |
r-oldrel-macos-arm64 | 0.4.3 | NOTE | ||||
r-oldrel-macos-x86_64 | 0.4.3 | NOTE | ||||
r-oldrel-windows-ix86+x86_64 | 0.4.3 | 16.00 | 98.00 | 114.00 | NOTE |
Version: 0.4.3
Check: installed package size
Result: NOTE
installed size is 11.3Mb
sub-directories of 1Mb or more:
help 2.5Mb
www 8.1Mb
Flavors: r-devel-linux-x86_64-fedora-clang, r-release-macos-arm64, r-release-macos-x86_64, r-release-windows-x86_64, r-oldrel-macos-arm64, r-oldrel-macos-x86_64, r-oldrel-windows-ix86+x86_64