Last updated on 2022-04-24 03:52:38 CEST.
Flavor | Version | Tinstall | Tcheck | Ttotal | Status | Flags |
---|---|---|---|---|---|---|
r-devel-linux-x86_64-debian-clang | 0.4.1 | 5.32 | 57.53 | 62.85 | NOTE | |
r-devel-linux-x86_64-debian-gcc | 0.4.1 | 4.51 | 44.45 | 48.96 | NOTE | |
r-devel-linux-x86_64-fedora-clang | 0.4.1 | 78.59 | NOTE | |||
r-devel-linux-x86_64-fedora-gcc | 0.4.1 | 76.27 | NOTE | |||
r-patched-linux-x86_64 | 0.4.1 | 5.54 | 55.90 | 61.44 | OK | |
r-release-linux-x86_64 | 0.4.1 | 4.28 | 53.52 | 57.80 | OK | |
r-release-macos-arm64 | 0.4.1 | NOTE | ||||
r-release-macos-x86_64 | 0.4.1 | NOTE | ||||
r-release-windows-x86_64 | 0.4.1 | 177.00 | 91.00 | 268.00 | NOTE | |
r-oldrel-macos-arm64 | 0.4.1 | NOTE | ||||
r-oldrel-macos-x86_64 | 0.4.1 | NOTE | ||||
r-oldrel-windows-ix86+x86_64 | 0.4.1 | 14.00 | 64.00 | 78.00 | NOTE |
Version: 0.4.1
Check: Rd files
Result: NOTE
checkRd: (7) file 'get_arg_help.Rd': \item in \describe must have non-empty label
checkRd: (7) file 'get_desc_help.Rd': \item in \describe must have non-empty label
checkRd: (7) file 'get_usage_help.Rd': \item in \describe must have non-empty label
Flavors: r-devel-linux-x86_64-debian-clang, r-devel-linux-x86_64-debian-gcc, r-devel-linux-x86_64-fedora-clang, r-devel-linux-x86_64-fedora-gcc
Version: 0.4.1
Check: installed package size
Result: NOTE
installed size is 8.2Mb
sub-directories of 1Mb or more:
www 7.7Mb
Flavors: r-devel-linux-x86_64-fedora-clang, r-release-macos-arm64, r-release-macos-x86_64, r-release-windows-x86_64, r-oldrel-macos-arm64, r-oldrel-macos-x86_64, r-oldrel-windows-ix86+x86_64