Last updated on 2022-04-24 03:52:38 CEST.
Flavor | Version | Tinstall | Tcheck | Ttotal | Status | Flags |
---|---|---|---|---|---|---|
r-devel-linux-x86_64-debian-clang | 1.1.1 | 6.54 | 58.83 | 65.37 | OK | |
r-devel-linux-x86_64-debian-gcc | 1.1.1 | 5.39 | 45.28 | 50.67 | OK | |
r-devel-linux-x86_64-fedora-clang | 1.1.1 | 78.82 | NOTE | |||
r-devel-linux-x86_64-fedora-gcc | 1.1.1 | 67.24 | OK | |||
r-patched-linux-x86_64 | 1.1.1 | 6.46 | 57.95 | 64.41 | OK | |
r-release-linux-x86_64 | 1.1.1 | 6.90 | 55.85 | 62.75 | OK | |
r-release-macos-arm64 | 1.1.1 | NOTE | ||||
r-release-macos-x86_64 | 1.1.1 | NOTE | ||||
r-release-windows-x86_64 | 1.1.1 | 67.00 | 85.00 | 152.00 | NOTE | |
r-oldrel-macos-arm64 | 1.1.1 | NOTE | ||||
r-oldrel-macos-x86_64 | 1.1.1 | NOTE | ||||
r-oldrel-windows-ix86+x86_64 | 1.1.1 | 20.00 | 72.00 | 92.00 | NOTE |
Version: 1.1.1
Check: installed package size
Result: NOTE
installed size is 20.6Mb
sub-directories of 1Mb or more:
www 19.7Mb
Flavors: r-devel-linux-x86_64-fedora-clang, r-release-macos-arm64, r-release-macos-x86_64, r-release-windows-x86_64, r-oldrel-macos-arm64, r-oldrel-macos-x86_64, r-oldrel-windows-ix86+x86_64