Last updated on 2022-04-24 03:52:38 CEST.
Flavor | Version | Tinstall | Tcheck | Ttotal | Status | Flags |
---|---|---|---|---|---|---|
r-devel-linux-x86_64-debian-clang | 0.2 | 10.76 | 92.02 | 102.78 | NOTE | |
r-devel-linux-x86_64-debian-gcc | 0.2 | 7.45 | 67.90 | 75.35 | NOTE | |
r-devel-linux-x86_64-fedora-clang | 0.2 | 130.55 | NOTE | |||
r-devel-linux-x86_64-fedora-gcc | 0.2 | 111.83 | NOTE | |||
r-patched-linux-x86_64 | 0.2 | 7.46 | 86.82 | 94.28 | NOTE | |
r-release-linux-x86_64 | 0.2 | 5.74 | 81.11 | 86.85 | NOTE | |
r-release-macos-arm64 | 0.2 | NOTE | ||||
r-release-macos-x86_64 | 0.2 | NOTE | ||||
r-release-windows-x86_64 | 0.2 | 20.00 | 109.00 | 129.00 | NOTE | |
r-oldrel-macos-arm64 | 0.2 | NOTE | ||||
r-oldrel-macos-x86_64 | 0.2 | NOTE | ||||
r-oldrel-windows-ix86+x86_64 | 0.2 | 22.00 | 98.00 | 120.00 | NOTE |
Version: 0.2
Check: LazyData
Result: NOTE
'LazyData' is specified without a 'data' directory
Flavors: r-devel-linux-x86_64-debian-clang, r-devel-linux-x86_64-debian-gcc, r-devel-linux-x86_64-fedora-clang, r-devel-linux-x86_64-fedora-gcc, r-patched-linux-x86_64, r-release-linux-x86_64, r-release-macos-arm64, r-release-macos-x86_64, r-release-windows-x86_64, r-oldrel-macos-arm64, r-oldrel-macos-x86_64, r-oldrel-windows-ix86+x86_64