Last updated on 2022-04-24 03:52:38 CEST.
Flavor | Version | Tinstall | Tcheck | Ttotal | Status | Flags |
---|---|---|---|---|---|---|
r-devel-linux-x86_64-debian-clang | 0.1.1 | 2.16 | 29.07 | 31.23 | NOTE | |
r-devel-linux-x86_64-debian-gcc | 0.1.1 | 1.40 | 22.92 | 24.32 | NOTE | |
r-devel-linux-x86_64-fedora-clang | 0.1.1 | 42.92 | NOTE | |||
r-devel-linux-x86_64-fedora-gcc | 0.1.1 | 27.22 | NOTE | |||
r-patched-linux-x86_64 | 0.1.1 | 2.19 | 28.63 | 30.82 | NOTE | |
r-release-linux-x86_64 | 0.1.1 | 1.97 | 27.95 | 29.92 | NOTE | |
r-release-macos-arm64 | 0.1.1 | NOTE | ||||
r-release-macos-x86_64 | 0.1.1 | NOTE | ||||
r-release-windows-x86_64 | 0.1.1 | 15.00 | 46.00 | 61.00 | NOTE | |
r-oldrel-macos-arm64 | 0.1.1 | NOTE | ||||
r-oldrel-macos-x86_64 | 0.1.1 | NOTE | ||||
r-oldrel-windows-ix86+x86_64 | 0.1.1 | 5.00 | 38.00 | 43.00 | NOTE |
Version: 0.1.1
Check: LazyData
Result: NOTE
'LazyData' is specified without a 'data' directory
Flavors: r-devel-linux-x86_64-debian-clang, r-devel-linux-x86_64-debian-gcc, r-devel-linux-x86_64-fedora-clang, r-devel-linux-x86_64-fedora-gcc, r-patched-linux-x86_64, r-release-linux-x86_64, r-release-macos-arm64, r-release-macos-x86_64, r-release-windows-x86_64, r-oldrel-macos-arm64, r-oldrel-macos-x86_64, r-oldrel-windows-ix86+x86_64