Last updated on 2022-04-24 03:52:38 CEST.
Flavor | Version | Tinstall | Tcheck | Ttotal | Status | Flags |
---|---|---|---|---|---|---|
r-devel-linux-x86_64-debian-clang | 0.1.2 | 9.00 | 82.01 | 91.01 | NOTE | |
r-devel-linux-x86_64-debian-gcc | 0.1.2 | 6.87 | 61.06 | 67.93 | NOTE | |
r-devel-linux-x86_64-fedora-clang | 0.1.2 | 115.75 | NOTE | |||
r-devel-linux-x86_64-fedora-gcc | 0.1.2 | 95.40 | NOTE | |||
r-patched-linux-x86_64 | 0.1.2 | 7.91 | 76.64 | 84.55 | NOTE | |
r-release-linux-x86_64 | 0.1.2 | 5.66 | 73.39 | 79.05 | NOTE | |
r-release-macos-arm64 | 0.1.2 | NOTE | ||||
r-release-macos-x86_64 | 0.1.2 | NOTE | ||||
r-release-windows-x86_64 | 0.1.2 | 23.00 | 102.00 | 125.00 | NOTE | |
r-oldrel-macos-arm64 | 0.1.2 | NOTE | ||||
r-oldrel-macos-x86_64 | 0.1.2 | NOTE | ||||
r-oldrel-windows-ix86+x86_64 | 0.1.2 | 21.00 | 89.00 | 110.00 | NOTE |
Version: 0.1.2
Check: LazyData
Result: NOTE
'LazyData' is specified without a 'data' directory
Flavors: r-devel-linux-x86_64-debian-clang, r-devel-linux-x86_64-debian-gcc, r-devel-linux-x86_64-fedora-clang, r-devel-linux-x86_64-fedora-gcc, r-patched-linux-x86_64, r-release-linux-x86_64, r-release-macos-arm64, r-release-macos-x86_64, r-release-windows-x86_64, r-oldrel-macos-arm64, r-oldrel-macos-x86_64, r-oldrel-windows-ix86+x86_64