Last updated on 2022-04-24 03:52:38 CEST.
Flavor | Version | Tinstall | Tcheck | Ttotal | Status | Flags |
---|---|---|---|---|---|---|
r-devel-linux-x86_64-debian-clang | 3.0.0 | 2.26 | 31.47 | 33.73 | OK | |
r-devel-linux-x86_64-debian-gcc | 3.0.0 | 1.85 | 24.08 | 25.93 | OK | |
r-devel-linux-x86_64-fedora-clang | 3.0.0 | 41.58 | NOTE | |||
r-devel-linux-x86_64-fedora-gcc | 3.0.0 | 30.28 | NOTE | |||
r-patched-linux-x86_64 | 3.0.0 | 1.82 | 30.25 | 32.07 | OK | |
r-release-linux-x86_64 | 3.0.0 | 2.20 | 29.58 | 31.78 | OK | |
r-release-macos-arm64 | 3.0.0 | NOTE | ||||
r-release-macos-x86_64 | 3.0.0 | NOTE | ||||
r-release-windows-x86_64 | 3.0.0 | 19.00 | 47.00 | 66.00 | OK | |
r-oldrel-macos-arm64 | 3.0.0 | NOTE | ||||
r-oldrel-macos-x86_64 | 3.0.0 | NOTE | ||||
r-oldrel-windows-ix86+x86_64 | 3.0.0 | 5.00 | 41.00 | 46.00 | OK |
Version: 3.0.0
Check: dependencies in R code
Result: NOTE
Namespace in Imports field not imported from: ‘stats’
All declared Imports should be used.
Flavors: r-devel-linux-x86_64-fedora-clang, r-devel-linux-x86_64-fedora-gcc, r-release-macos-arm64, r-release-macos-x86_64, r-oldrel-macos-arm64, r-oldrel-macos-x86_64