Last updated on 2022-04-24 03:52:38 CEST.
Flavor | Version | Tinstall | Tcheck | Ttotal | Status | Flags |
---|---|---|---|---|---|---|
r-devel-linux-x86_64-debian-clang | 0.9.0 | 3.27 | 46.02 | 49.29 | NOTE | |
r-devel-linux-x86_64-debian-gcc | 0.9.0 | 2.46 | 35.40 | 37.86 | NOTE | |
r-devel-linux-x86_64-fedora-clang | 0.9.0 | 59.16 | NOTE | |||
r-devel-linux-x86_64-fedora-gcc | 0.9.0 | 48.94 | NOTE | |||
r-patched-linux-x86_64 | 0.9.0 | 2.12 | 44.82 | 46.94 | NOTE | |
r-release-linux-x86_64 | 0.9.0 | 2.07 | 41.97 | 44.04 | NOTE | |
r-release-macos-arm64 | 0.9.0 | NOTE | ||||
r-release-macos-x86_64 | 0.9.0 | NOTE | ||||
r-release-windows-x86_64 | 0.9.0 | 28.00 | 70.00 | 98.00 | NOTE | |
r-oldrel-macos-arm64 | 0.9.0 | NOTE | ||||
r-oldrel-macos-x86_64 | 0.9.0 | NOTE | ||||
r-oldrel-windows-ix86+x86_64 | 0.9.0 | 9.00 | 55.00 | 64.00 | NOTE |
Version: 0.9.0
Check: LazyData
Result: NOTE
'LazyData' is specified without a 'data' directory
Flavors: r-devel-linux-x86_64-debian-clang, r-devel-linux-x86_64-debian-gcc, r-devel-linux-x86_64-fedora-clang, r-devel-linux-x86_64-fedora-gcc, r-patched-linux-x86_64, r-release-linux-x86_64, r-release-macos-arm64, r-release-macos-x86_64, r-release-windows-x86_64, r-oldrel-macos-arm64, r-oldrel-macos-x86_64, r-oldrel-windows-ix86+x86_64