Last updated on 2022-04-24 03:52:38 CEST.
Flavor | Version | Tinstall | Tcheck | Ttotal | Status | Flags |
---|---|---|---|---|---|---|
r-devel-linux-x86_64-debian-clang | 0.1.3 | 4.59 | 49.43 | 54.02 | NOTE | |
r-devel-linux-x86_64-debian-gcc | 0.1.3 | 3.29 | 37.64 | 40.93 | NOTE | |
r-devel-linux-x86_64-fedora-clang | 0.1.3 | 67.40 | NOTE | |||
r-devel-linux-x86_64-fedora-gcc | 0.1.3 | 53.10 | NOTE | |||
r-patched-linux-x86_64 | 0.1.3 | 8.07 | 46.93 | 55.00 | NOTE | |
r-release-linux-x86_64 | 0.1.3 | 2.59 | 45.87 | 48.46 | NOTE | |
r-release-macos-arm64 | 0.1.3 | NOTE | ||||
r-release-macos-x86_64 | 0.1.3 | NOTE | ||||
r-release-windows-x86_64 | 0.1.3 | 16.00 | 68.00 | 84.00 | NOTE | |
r-oldrel-macos-arm64 | 0.1.3 | NOTE | ||||
r-oldrel-macos-x86_64 | 0.1.3 | NOTE | ||||
r-oldrel-windows-ix86+x86_64 | 0.1.3 | 11.00 | 66.00 | 77.00 | NOTE |
Version: 0.1.3
Check: LazyData
Result: NOTE
'LazyData' is specified without a 'data' directory
Flavors: r-devel-linux-x86_64-debian-clang, r-devel-linux-x86_64-debian-gcc, r-devel-linux-x86_64-fedora-clang, r-devel-linux-x86_64-fedora-gcc, r-patched-linux-x86_64, r-release-linux-x86_64, r-release-macos-arm64, r-release-macos-x86_64, r-release-windows-x86_64, r-oldrel-macos-arm64, r-oldrel-macos-x86_64, r-oldrel-windows-ix86+x86_64