Last updated on 2022-04-24 03:52:38 CEST.
Flavor | Version | Tinstall | Tcheck | Ttotal | Status | Flags |
---|---|---|---|---|---|---|
r-devel-linux-x86_64-debian-clang | 0.1.0 | 18.15 | 179.67 | 197.82 | OK | |
r-devel-linux-x86_64-debian-gcc | 0.1.0 | 15.50 | 134.91 | 150.41 | OK | |
r-devel-linux-x86_64-fedora-clang | 0.1.0 | 234.92 | NOTE | |||
r-devel-linux-x86_64-fedora-gcc | 0.1.0 | 221.23 | OK | |||
r-patched-linux-x86_64 | 0.1.0 | 17.93 | 165.09 | 183.02 | OK | |
r-release-linux-x86_64 | 0.1.0 | 12.33 | 157.95 | 170.28 | OK | |
r-release-macos-arm64 | 0.1.0 | OK | ||||
r-release-macos-x86_64 | 0.1.0 | OK | ||||
r-release-windows-x86_64 | 0.1.0 | 74.00 | 185.00 | 259.00 | OK | |
r-oldrel-macos-arm64 | 0.1.0 | OK | ||||
r-oldrel-macos-x86_64 | 0.1.0 | OK | ||||
r-oldrel-windows-ix86+x86_64 | 0.1.0 | 42.00 | 179.00 | 221.00 | OK |
Version: 0.1.0
Check: Rd cross-references
Result: NOTE
Undeclared package ‘finetune’ in Rd xrefs
Flavor: r-devel-linux-x86_64-fedora-clang