Last updated on 2022-04-24 03:52:38 CEST.
Flavor | Version | Tinstall | Tcheck | Ttotal | Status | Flags |
---|---|---|---|---|---|---|
r-devel-linux-x86_64-debian-clang | 2.6.0 | 13.82 | 155.19 | 169.01 | NOTE | |
r-devel-linux-x86_64-debian-gcc | 2.6.0 | 10.75 | 112.74 | 123.49 | NOTE | |
r-devel-linux-x86_64-fedora-clang | 2.6.0 | 210.51 | NOTE | |||
r-devel-linux-x86_64-fedora-gcc | 2.6.0 | 185.37 | NOTE | |||
r-patched-linux-x86_64 | 2.6.0 | 14.36 | 147.57 | 161.93 | NOTE | |
r-release-linux-x86_64 | 2.6.0 | 11.37 | 138.32 | 149.69 | NOTE | |
r-release-macos-arm64 | 2.6.0 | NOTE | ||||
r-release-macos-x86_64 | 2.6.0 | NOTE | ||||
r-release-windows-x86_64 | 2.6.0 | 142.00 | 175.00 | 317.00 | NOTE | |
r-oldrel-macos-arm64 | 2.6.0 | NOTE | ||||
r-oldrel-macos-x86_64 | 2.6.0 | NOTE | ||||
r-oldrel-windows-ix86+x86_64 | 2.6.0 | 33.00 | 166.00 | 199.00 | NOTE |
Version: 2.6.0
Check: package dependencies
Result: NOTE
Package suggested but not available for checking: 'cmdstanr'
Flavors: r-devel-linux-x86_64-debian-clang, r-devel-linux-x86_64-debian-gcc, r-devel-linux-x86_64-fedora-clang, r-devel-linux-x86_64-fedora-gcc, r-patched-linux-x86_64, r-release-linux-x86_64, r-release-macos-arm64, r-release-macos-x86_64, r-release-windows-x86_64, r-oldrel-macos-arm64, r-oldrel-macos-x86_64, r-oldrel-windows-ix86+x86_64