Last updated on 2022-04-24 03:52:38 CEST.
Flavor | Version | Tinstall | Tcheck | Ttotal | Status | Flags |
---|---|---|---|---|---|---|
r-devel-linux-x86_64-debian-clang | 1.4.0 | 2.28 | 30.32 | 32.60 | NOTE | |
r-devel-linux-x86_64-debian-gcc | 1.4.0 | 1.91 | 23.84 | 25.75 | NOTE | |
r-devel-linux-x86_64-fedora-clang | 1.4.0 | 40.71 | NOTE | |||
r-devel-linux-x86_64-fedora-gcc | 1.4.0 | 29.11 | NOTE | |||
r-patched-linux-x86_64 | 1.4.0 | 2.35 | 29.88 | 32.23 | NOTE | |
r-release-linux-x86_64 | 1.4.0 | 2.18 | 29.19 | 31.37 | NOTE | |
r-release-macos-arm64 | 1.4.0 | NOTE | ||||
r-release-macos-x86_64 | 1.4.0 | NOTE | ||||
r-release-windows-x86_64 | 1.4.0 | 19.00 | 47.00 | 66.00 | NOTE | |
r-oldrel-macos-arm64 | 1.4.0 | NOTE | ||||
r-oldrel-macos-x86_64 | 1.4.0 | NOTE | ||||
r-oldrel-windows-ix86+x86_64 | 1.4.0 | 5.00 | 37.00 | 42.00 | NOTE |
Version: 1.4.0
Check: LazyData
Result: NOTE
'LazyData' is specified without a 'data' directory
Flavors: r-devel-linux-x86_64-debian-clang, r-devel-linux-x86_64-debian-gcc, r-devel-linux-x86_64-fedora-clang, r-devel-linux-x86_64-fedora-gcc, r-patched-linux-x86_64, r-release-linux-x86_64, r-release-macos-arm64, r-release-macos-x86_64, r-release-windows-x86_64, r-oldrel-macos-arm64, r-oldrel-macos-x86_64, r-oldrel-windows-ix86+x86_64