Last updated on 2022-04-24 03:52:38 CEST.
Flavor | Version | Tinstall | Tcheck | Ttotal | Status | Flags |
---|---|---|---|---|---|---|
r-devel-linux-x86_64-debian-clang | 0.1.0 | 86.21 | 51.41 | 137.62 | WARN | |
r-devel-linux-x86_64-debian-gcc | 0.1.0 | 70.90 | 39.48 | 110.38 | OK | |
r-devel-linux-x86_64-fedora-clang | 0.1.0 | 196.06 | WARN | |||
r-devel-linux-x86_64-fedora-gcc | 0.1.0 | 113.51 | ERROR | |||
r-patched-linux-x86_64 | 0.1.0 | 74.82 | 49.43 | 124.25 | OK | |
r-release-linux-x86_64 | 0.1.0 | 73.01 | 47.39 | 120.40 | OK | |
r-release-macos-arm64 | 0.1.0 | NOTE | ||||
r-release-macos-x86_64 | 0.1.0 | OK | ||||
r-release-windows-x86_64 | 0.1.0 | 75.00 | 91.00 | 166.00 | OK | |
r-oldrel-macos-arm64 | 0.1.0 | NOTE | ||||
r-oldrel-macos-x86_64 | 0.1.0 | OK | ||||
r-oldrel-windows-ix86+x86_64 | 0.1.0 | 197.00 | 90.00 | 287.00 | OK |
Version: 0.1.0
Check: whether package can be installed
Result: WARN
Found the following significant warnings:
do_shrinkDSM.cpp:361:7: warning: use of bitwise '&' with boolean operands [-Wbitwise-instead-of-logical]
do_shrinkDSM.cpp:366:7: warning: use of bitwise '&' with boolean operands [-Wbitwise-instead-of-logical]
do_shrinkDSM.cpp:371:7: warning: use of bitwise '&' with boolean operands [-Wbitwise-instead-of-logical]
do_shrinkDSM.cpp:376:7: warning: use of bitwise '&' with boolean operands [-Wbitwise-instead-of-logical]
do_shrinkDSM.cpp:702:9: warning: use of bitwise '&' with boolean operands [-Wbitwise-instead-of-logical]
do_shrinkDSM.cpp:706:9: warning: use of bitwise '&' with boolean operands [-Wbitwise-instead-of-logical]
do_shrinkDSM.cpp:710:9: warning: use of bitwise '&' with boolean operands [-Wbitwise-instead-of-logical]
do_shrinkDSM.cpp:714:9: warning: use of bitwise '&' with boolean operands [-Wbitwise-instead-of-logical]
Flavors: r-devel-linux-x86_64-debian-clang, r-devel-linux-x86_64-fedora-clang
Version: 0.1.0
Check: whether package can be installed
Result: ERROR
Installation failed.
Flavor: r-devel-linux-x86_64-fedora-gcc
Version: 0.1.0
Check: installed package size
Result: NOTE
installed size is 5.6Mb
sub-directories of 1Mb or more:
libs 5.4Mb
Flavors: r-release-macos-arm64, r-oldrel-macos-arm64