Last updated on 2022-04-24 03:52:38 CEST.
Flavor | Version | Tinstall | Tcheck | Ttotal | Status | Flags |
---|---|---|---|---|---|---|
r-devel-linux-x86_64-debian-clang | 2.0.5 | 205.04 | 78.96 | 284.00 | WARN | |
r-devel-linux-x86_64-debian-gcc | 2.0.5 | 166.59 | 59.85 | 226.44 | OK | |
r-devel-linux-x86_64-fedora-clang | 2.0.5 | 423.22 | WARN | |||
r-devel-linux-x86_64-fedora-gcc | 2.0.5 | 3.36 | ERROR | |||
r-patched-linux-x86_64 | 2.0.5 | 183.48 | 74.42 | 257.90 | OK | |
r-release-linux-x86_64 | 2.0.5 | 172.29 | 73.82 | 246.11 | OK | |
r-release-macos-arm64 | 2.0.5 | NOTE | ||||
r-release-macos-x86_64 | 2.0.5 | NOTE | ||||
r-release-windows-x86_64 | 2.0.5 | 174.00 | 143.00 | 317.00 | OK | |
r-oldrel-macos-arm64 | 2.0.5 | NOTE | ||||
r-oldrel-macos-x86_64 | 2.0.5 | NOTE | ||||
r-oldrel-windows-ix86+x86_64 | 2.0.5 | 492.00 | 121.00 | 613.00 | OK |
Version: 2.0.5
Check: whether package can be installed
Result: WARN
Found the following significant warnings:
TG_sampling_functions.cpp:50:7: warning: use of bitwise '|' with boolean operands [-Wbitwise-instead-of-logical]
cpp_utilities.cpp:33:7: warning: use of bitwise '|' with boolean operands [-Wbitwise-instead-of-logical]
do_rgig1.cpp:149:14: warning: use of bitwise '&' with boolean operands [-Wbitwise-instead-of-logical]
shrinkTVP.cpp:146:7: warning: use of bitwise '&' with boolean operands [-Wbitwise-instead-of-logical]
shrinkTVP.cpp:151:7: warning: use of bitwise '&' with boolean operands [-Wbitwise-instead-of-logical]
shrinkTVP.cpp:156:7: warning: use of bitwise '&' with boolean operands [-Wbitwise-instead-of-logical]
shrinkTVP.cpp:161:7: warning: use of bitwise '&' with boolean operands [-Wbitwise-instead-of-logical]
shrinkTVP.cpp:620:11: warning: use of bitwise '&' with boolean operands [-Wbitwise-instead-of-logical]
shrinkTVP.cpp:624:11: warning: use of bitwise '&' with boolean operands [-Wbitwise-instead-of-logical]
shrinkTVP.cpp:628:11: warning: use of bitwise '&' with boolean operands [-Wbitwise-instead-of-logical]
shrinkTVP.cpp:632:11: warning: use of bitwise '&' with boolean operands [-Wbitwise-instead-of-logical]
Flavor: r-devel-linux-x86_64-debian-clang
Version: 2.0.5
Check: whether package can be installed
Result: WARN
Found the following significant warnings:
TG_sampling_functions.cpp:50:7: warning: use of bitwise '|' with boolean operands [-Wbitwise-instead-of-logical]
do_rgig1.cpp:149:14: warning: use of bitwise '&' with boolean operands [-Wbitwise-instead-of-logical]
cpp_utilities.cpp:33:7: warning: use of bitwise '|' with boolean operands [-Wbitwise-instead-of-logical]
shrinkTVP.cpp:146:7: warning: use of bitwise '&' with boolean operands [-Wbitwise-instead-of-logical]
shrinkTVP.cpp:151:7: warning: use of bitwise '&' with boolean operands [-Wbitwise-instead-of-logical]
shrinkTVP.cpp:156:7: warning: use of bitwise '&' with boolean operands [-Wbitwise-instead-of-logical]
shrinkTVP.cpp:161:7: warning: use of bitwise '&' with boolean operands [-Wbitwise-instead-of-logical]
shrinkTVP.cpp:620:11: warning: use of bitwise '&' with boolean operands [-Wbitwise-instead-of-logical]
shrinkTVP.cpp:624:11: warning: use of bitwise '&' with boolean operands [-Wbitwise-instead-of-logical]
shrinkTVP.cpp:628:11: warning: use of bitwise '&' with boolean operands [-Wbitwise-instead-of-logical]
shrinkTVP.cpp:632:11: warning: use of bitwise '&' with boolean operands [-Wbitwise-instead-of-logical]
Flavor: r-devel-linux-x86_64-fedora-clang
Version: 2.0.5
Check: installed package size
Result: NOTE
installed size is 6.1Mb
sub-directories of 1Mb or more:
libs 5.1Mb
Flavors: r-devel-linux-x86_64-fedora-clang, r-release-macos-arm64, r-release-macos-x86_64, r-oldrel-macos-arm64, r-oldrel-macos-x86_64
Version: 2.0.5
Check: package dependencies
Result: ERROR
Package required but not available: ‘GIGrvg’
See section ‘The DESCRIPTION file’ in the ‘Writing R Extensions’
manual.
Flavor: r-devel-linux-x86_64-fedora-gcc