Last updated on 2022-04-24 03:52:38 CEST.
Flavor | Version | Tinstall | Tcheck | Ttotal | Status | Flags |
---|---|---|---|---|---|---|
r-devel-linux-x86_64-debian-clang | 1.0.5 | 5.84 | 60.23 | 66.07 | OK | |
r-devel-linux-x86_64-debian-gcc | 1.0.5 | 4.29 | 44.06 | 48.35 | OK | |
r-devel-linux-x86_64-fedora-clang | 1.0.5 | 79.18 | NOTE | |||
r-devel-linux-x86_64-fedora-gcc | 1.0.5 | 65.78 | NOTE | |||
r-patched-linux-x86_64 | 1.0.5 | 4.30 | 55.36 | 59.66 | OK | |
r-release-linux-x86_64 | 1.0.5 | 3.43 | 52.60 | 56.03 | OK | |
r-release-macos-arm64 | 1.0.5 | NOTE | ||||
r-release-macos-x86_64 | 1.0.5 | NOTE | ||||
r-release-windows-x86_64 | 1.0.5 | 18.00 | 78.00 | 96.00 | OK | |
r-oldrel-macos-arm64 | 1.0.5 | NOTE | ||||
r-oldrel-macos-x86_64 | 1.0.5 | NOTE | ||||
r-oldrel-windows-ix86+x86_64 | 1.0.5 | 13.00 | 64.00 | 77.00 | OK |
Version: 1.0.5
Check: data for non-ASCII characters
Result: NOTE
Note: found 2397 marked UTF-8 strings
Flavors: r-devel-linux-x86_64-fedora-clang, r-devel-linux-x86_64-fedora-gcc, r-release-macos-arm64, r-release-macos-x86_64, r-oldrel-macos-arm64, r-oldrel-macos-x86_64