Last updated on 2022-04-24 03:52:38 CEST.
Flavor | Version | Tinstall | Tcheck | Ttotal | Status | Flags |
---|---|---|---|---|---|---|
r-devel-linux-x86_64-debian-clang | 0.2.7 | 2.35 | 34.08 | 36.43 | WARN | |
r-devel-linux-x86_64-debian-gcc | 0.2.7 | 2.12 | 26.79 | 28.91 | WARN | |
r-devel-linux-x86_64-fedora-clang | 0.2.7 | 47.08 | WARN | |||
r-devel-linux-x86_64-fedora-gcc | 0.2.7 | 35.16 | WARN | |||
r-patched-linux-x86_64 | 0.2.7 | 2.16 | 33.15 | 35.31 | OK | |
r-release-linux-x86_64 | 0.2.7 | 2.60 | 32.84 | 35.44 | OK | |
r-release-macos-arm64 | 0.2.7 | OK | ||||
r-release-macos-x86_64 | 0.2.7 | OK | ||||
r-release-windows-x86_64 | 0.2.7 | 11.00 | 52.00 | 63.00 | OK | |
r-oldrel-macos-arm64 | 0.2.7 | OK | ||||
r-oldrel-macos-x86_64 | 0.2.7 | OK | ||||
r-oldrel-windows-ix86+x86_64 | 0.2.7 | 6.00 | 42.00 | 48.00 | OK |
Version: 0.2.7
Check: Rd files
Result: WARN
checkRd: (7) get_sidra.Rd:102: invalid email address: <rpradosiqueira@gmail.com>
checkRd: (7) info_sidra.Rd:31: invalid email address: <rpradosiqueira@gmail.com>
checkRd: (7) search_sidra.Rd:28: invalid email address: <rpradosiqueira@gmail.com>
Flavors: r-devel-linux-x86_64-debian-clang, r-devel-linux-x86_64-debian-gcc, r-devel-linux-x86_64-fedora-clang, r-devel-linux-x86_64-fedora-gcc