Last updated on 2022-04-24 03:52:38 CEST.
Flavor | Version | Tinstall | Tcheck | Ttotal | Status | Flags |
---|---|---|---|---|---|---|
r-devel-linux-x86_64-debian-clang | 0.0-6 | 2.57 | 33.48 | 36.05 | OK | |
r-devel-linux-x86_64-debian-gcc | 0.0-6 | 1.67 | 25.80 | 27.47 | OK | |
r-devel-linux-x86_64-fedora-clang | 0.0-6 | 45.93 | OK | |||
r-devel-linux-x86_64-fedora-gcc | 0.0-6 | 33.83 | OK | |||
r-patched-linux-x86_64 | 0.0-6 | 2.31 | 32.84 | 35.15 | OK | |
r-release-linux-x86_64 | 0.0-5 | 2.30 | 31.27 | 33.57 | NOTE | |
r-release-macos-arm64 | 0.0-5 | NOTE | ||||
r-release-macos-x86_64 | 0.0-5 | NOTE | ||||
r-release-windows-x86_64 | 0.0-5 | 15.00 | 48.00 | 63.00 | NOTE | |
r-oldrel-macos-arm64 | 0.0-5 | NOTE | ||||
r-oldrel-macos-x86_64 | 0.0-5 | NOTE | ||||
r-oldrel-windows-ix86+x86_64 | 0.0-6 | 5.00 | 27.00 | 32.00 | OK |
Version: 0.0-5
Check: LazyData
Result: NOTE
'LazyData' is specified without a 'data' directory
Flavors: r-release-linux-x86_64, r-release-macos-arm64, r-release-macos-x86_64, r-release-windows-x86_64, r-oldrel-macos-arm64, r-oldrel-macos-x86_64