Last updated on 2022-04-24 03:52:38 CEST.
Flavor | Version | Tinstall | Tcheck | Ttotal | Status | Flags |
---|---|---|---|---|---|---|
r-devel-linux-x86_64-debian-clang | 2.1.3 | 49.17 | 297.30 | 346.47 | OK | |
r-devel-linux-x86_64-debian-gcc | 2.1.3 | 39.89 | 210.23 | 250.12 | OK | |
r-devel-linux-x86_64-fedora-clang | 2.1.3 | 428.12 | NOTE | |||
r-devel-linux-x86_64-fedora-gcc | 2.1.3 | 400.56 | OK | |||
r-patched-linux-x86_64 | 2.1.3 | 45.91 | 263.72 | 309.63 | OK | |
r-release-linux-x86_64 | 2.1.3 | 40.78 | 257.48 | 298.26 | OK | |
r-release-macos-arm64 | 2.1.3 | NOTE | ||||
r-release-macos-x86_64 | 2.1.3 | NOTE | ||||
r-release-windows-x86_64 | 2.1.3 | 126.00 | 355.00 | 481.00 | NOTE | |
r-oldrel-macos-arm64 | 2.1.3 | NOTE | ||||
r-oldrel-macos-x86_64 | 2.1.3 | NOTE | ||||
r-oldrel-windows-ix86+x86_64 | 2.1.3 | 109.00 | 450.00 | 559.00 | NOTE |
Version: 2.1.3
Check: installed package size
Result: NOTE
installed size is 5.9Mb
sub-directories of 1Mb or more:
extdata 2.7Mb
Flavors: r-devel-linux-x86_64-fedora-clang, r-release-macos-arm64, r-release-macos-x86_64, r-release-windows-x86_64, r-oldrel-macos-arm64, r-oldrel-macos-x86_64, r-oldrel-windows-ix86+x86_64
Version: 2.1.3
Check: package dependencies
Result: NOTE
Package suggested but not available for checking: ‘copynumber’
Flavors: r-release-macos-arm64, r-oldrel-macos-arm64