Last updated on 2022-04-24 03:52:38 CEST.
Flavor | Version | Tinstall | Tcheck | Ttotal | Status | Flags |
---|---|---|---|---|---|---|
r-devel-linux-x86_64-debian-clang | 1.5.1 | 2.01 | 29.14 | 31.15 | NOTE | |
r-devel-linux-x86_64-debian-gcc | 1.5.1 | 1.55 | 22.91 | 24.46 | NOTE | |
r-devel-linux-x86_64-fedora-clang | 1.5.1 | 38.97 | NOTE | |||
r-devel-linux-x86_64-fedora-gcc | 1.5.1 | 27.18 | NOTE | |||
r-patched-linux-x86_64 | 1.5.1 | 1.63 | 27.98 | 29.61 | NOTE | |
r-release-linux-x86_64 | 1.5.1 | 1.35 | 28.27 | 29.62 | NOTE | |
r-release-macos-arm64 | 1.5.1 | NOTE | ||||
r-release-macos-x86_64 | 1.5.1 | NOTE | ||||
r-release-windows-x86_64 | 1.5.1 | 26.00 | 42.00 | 68.00 | NOTE | |
r-oldrel-macos-arm64 | 1.5.1 | NOTE | ||||
r-oldrel-macos-x86_64 | 1.5.1 | NOTE | ||||
r-oldrel-windows-ix86+x86_64 | 1.5.1 | 4.00 | 26.00 | 30.00 | NOTE |
Version: 1.5.1
Check: R code for possible problems
Result: NOTE
signmedian.test: no visible global function definition for 'median'
signmedian.test: no visible global function definition for 'binom.test'
signmedian.test: no visible global function definition for 'pbinom'
signmedian.test: no visible global function definition for 'pnorm'
Undefined global functions or variables:
binom.test median pbinom pnorm
Consider adding
importFrom("stats", "binom.test", "median", "pbinom", "pnorm")
to your NAMESPACE file.
Flavors: r-devel-linux-x86_64-debian-clang, r-devel-linux-x86_64-debian-gcc, r-devel-linux-x86_64-fedora-clang, r-devel-linux-x86_64-fedora-gcc, r-patched-linux-x86_64, r-release-linux-x86_64, r-release-macos-arm64, r-release-macos-x86_64, r-release-windows-x86_64, r-oldrel-macos-arm64, r-oldrel-macos-x86_64, r-oldrel-windows-ix86+x86_64