Last updated on 2022-04-24 03:52:38 CEST.
Flavor | Version | Tinstall | Tcheck | Ttotal | Status | Flags |
---|---|---|---|---|---|---|
r-devel-linux-x86_64-debian-clang | 0.8.0 | 82.62 | 133.52 | 216.14 | WARN | |
r-devel-linux-x86_64-debian-gcc | 0.8.0 | 75.64 | 97.69 | 173.33 | OK | |
r-devel-linux-x86_64-fedora-clang | 0.8.0 | 299.71 | WARN | |||
r-devel-linux-x86_64-fedora-gcc | 0.8.0 | 265.92 | OK | |||
r-patched-linux-x86_64 | 0.8.0 | 77.28 | 128.96 | 206.24 | OK | |
r-release-linux-x86_64 | 0.8.0 | 73.10 | 129.31 | 202.41 | OK | |
r-release-macos-arm64 | 0.8.0 | NOTE | ||||
r-release-macos-x86_64 | 0.8.0 | NOTE | ||||
r-release-windows-x86_64 | 0.8.0 | 121.00 | 179.00 | 300.00 | OK | |
r-oldrel-macos-arm64 | 0.8.0 | NOTE | ||||
r-oldrel-macos-x86_64 | 0.8.0 | NOTE | ||||
r-oldrel-windows-ix86+x86_64 | 0.8.0 | 206.00 | 207.00 | 413.00 | OK |
Version: 0.8.0
Check: whether package can be installed
Result: WARN
Found the following significant warnings:
optimBlocks.cpp:12:8: warning: use of bitwise '&' with boolean operands [-Wbitwise-instead-of-logical]
optimBlocks.cpp:15:8: warning: use of bitwise '&' with boolean operands [-Wbitwise-instead-of-logical]
optimBlocks.cpp:30:8: warning: use of bitwise '&' with boolean operands [-Wbitwise-instead-of-logical]
optimBlocks.cpp:33:8: warning: use of bitwise '&' with boolean operands [-Wbitwise-instead-of-logical]
optimBlocks.cpp:36:8: warning: use of bitwise '&' with boolean operands [-Wbitwise-instead-of-logical]
optimBlocks.cpp:39:8: warning: use of bitwise '&' with boolean operands [-Wbitwise-instead-of-logical]
optimBlocks.cpp:48:8: warning: use of bitwise '&' with boolean operands [-Wbitwise-instead-of-logical]
optimBlocks.cpp:51:8: warning: use of bitwise '&' with boolean operands [-Wbitwise-instead-of-logical]
optimBlocks.cpp:54:8: warning: use of bitwise '&' with boolean operands [-Wbitwise-instead-of-logical]
optimBlocks.cpp:57:8: warning: use of bitwise '&' with boolean operands [-Wbitwise-instead-of-logical]
optimBlocksGen.cpp:12:8: warning: use of bitwise '&' with boolean operands [-Wbitwise-instead-of-logical]
optimBlocksGen.cpp:20:8: warning: use of bitwise '&' with boolean operands [-Wbitwise-instead-of-logical]
triadCensus.cpp:53:26: warning: use of bitwise '&' with boolean operands [-Wbitwise-instead-of-logical]
Flavors: r-devel-linux-x86_64-debian-clang, r-devel-linux-x86_64-fedora-clang
Version: 0.8.0
Check: installed package size
Result: NOTE
installed size is 5.7Mb
sub-directories of 1Mb or more:
libs 4.0Mb
Flavors: r-release-macos-arm64, r-release-macos-x86_64, r-oldrel-macos-arm64, r-oldrel-macos-x86_64