Last updated on 2022-04-24 03:52:38 CEST.
Flavor | Version | Tinstall | Tcheck | Ttotal | Status | Flags |
---|---|---|---|---|---|---|
r-devel-linux-x86_64-debian-clang | 0.1.2 | 3.25 | 53.86 | 57.11 | NOTE | |
r-devel-linux-x86_64-debian-gcc | 0.1.2 | 2.39 | 41.56 | 43.95 | NOTE | |
r-devel-linux-x86_64-fedora-clang | 0.1.2 | 67.98 | NOTE | |||
r-devel-linux-x86_64-fedora-gcc | 0.1.2 | 57.66 | NOTE | |||
r-patched-linux-x86_64 | 0.1.2 | 2.86 | 52.82 | 55.68 | NOTE | |
r-release-linux-x86_64 | 0.1.2 | 2.46 | 50.08 | 52.54 | NOTE | |
r-release-macos-arm64 | 0.1.2 | NOTE | ||||
r-release-macos-x86_64 | 0.1.2 | NOTE | ||||
r-release-windows-x86_64 | 0.1.2 | 11.00 | 72.00 | 83.00 | NOTE | |
r-oldrel-macos-arm64 | 0.1.2 | NOTE | ||||
r-oldrel-macos-x86_64 | 0.1.2 | NOTE | ||||
r-oldrel-windows-ix86+x86_64 | 0.1.2 | 7.00 | 60.00 | 67.00 | NOTE |
Version: 0.1.2
Check: LazyData
Result: NOTE
'LazyData' is specified without a 'data' directory
Flavors: r-devel-linux-x86_64-debian-clang, r-devel-linux-x86_64-debian-gcc, r-devel-linux-x86_64-fedora-clang, r-devel-linux-x86_64-fedora-gcc, r-patched-linux-x86_64, r-release-linux-x86_64, r-release-macos-arm64, r-release-macos-x86_64, r-release-windows-x86_64, r-oldrel-macos-arm64, r-oldrel-macos-x86_64, r-oldrel-windows-ix86+x86_64