Last updated on 2022-04-24 03:52:38 CEST.
Flavor | Version | Tinstall | Tcheck | Ttotal | Status | Flags |
---|---|---|---|---|---|---|
r-devel-linux-x86_64-debian-clang | 1.0.0 | 6.09 | 75.24 | 81.33 | NOTE | |
r-devel-linux-x86_64-debian-gcc | 1.0.0 | 5.96 | 56.11 | 62.07 | NOTE | |
r-devel-linux-x86_64-fedora-clang | 1.0.0 | 98.02 | NOTE | |||
r-devel-linux-x86_64-fedora-gcc | 1.0.0 | 85.94 | NOTE | |||
r-patched-linux-x86_64 | 1.0.0 | 6.34 | 70.96 | 77.30 | NOTE | |
r-release-linux-x86_64 | 1.0.0 | 7.91 | 65.20 | 73.11 | NOTE | |
r-release-macos-arm64 | 1.0.0 | NOTE | ||||
r-release-macos-x86_64 | 1.0.0 | NOTE | ||||
r-release-windows-x86_64 | 1.0.0 | 15.00 | 88.00 | 103.00 | NOTE | |
r-oldrel-macos-arm64 | 1.0.0 | NOTE | ||||
r-oldrel-macos-x86_64 | 1.0.0 | NOTE | ||||
r-oldrel-windows-ix86+x86_64 | 1.0.0 | 18.00 | 78.00 | 96.00 | NOTE |
Version: 1.0.0
Check: LazyData
Result: NOTE
'LazyData' is specified without a 'data' directory
Flavors: r-devel-linux-x86_64-debian-clang, r-devel-linux-x86_64-debian-gcc, r-devel-linux-x86_64-fedora-clang, r-devel-linux-x86_64-fedora-gcc, r-patched-linux-x86_64, r-release-linux-x86_64, r-release-macos-arm64, r-release-macos-x86_64, r-release-windows-x86_64, r-oldrel-macos-arm64, r-oldrel-macos-x86_64, r-oldrel-windows-ix86+x86_64