Last updated on 2022-04-24 03:52:38 CEST.
Flavor | Version | Tinstall | Tcheck | Ttotal | Status | Flags |
---|---|---|---|---|---|---|
r-devel-linux-x86_64-debian-clang | 0.17.3 | 2.35 | 73.67 | 76.02 | NOTE | |
r-devel-linux-x86_64-debian-gcc | 0.17.3 | 2.11 | 55.17 | 57.28 | NOTE | |
r-devel-linux-x86_64-fedora-clang | 0.17.3 | 99.23 | NOTE | |||
r-devel-linux-x86_64-fedora-gcc | 0.17.3 | 84.73 | NOTE | |||
r-patched-linux-x86_64 | 0.17.3 | 9.17 | 69.17 | 78.34 | NOTE | |
r-release-linux-x86_64 | 0.17.3 | 2.52 | 64.33 | 66.85 | NOTE | |
r-release-macos-arm64 | 0.17.3 | OK | ||||
r-release-macos-x86_64 | 0.17.3 | NOTE | ||||
r-release-windows-x86_64 | 0.17.3 | 10.00 | 94.00 | 104.00 | OK | |
r-oldrel-macos-arm64 | 0.17.3 | OK | ||||
r-oldrel-macos-x86_64 | 0.17.3 | NOTE | ||||
r-oldrel-windows-ix86+x86_64 | 0.17.3 | 6.00 | 82.00 | 88.00 | OK |
Version: 0.17.3
Check: for non-standard things in the check directory
Result: NOTE
Found the following files/directories:
'res_mutation.tsv' 'res_mutationCounts.txt'
'res_processContribution.txt' 'res_processes.txt'
Flavors: r-devel-linux-x86_64-debian-clang, r-devel-linux-x86_64-debian-gcc, r-devel-linux-x86_64-fedora-clang, r-devel-linux-x86_64-fedora-gcc, r-patched-linux-x86_64, r-release-linux-x86_64
Version: 0.17.3
Check: package dependencies
Result: NOTE
Package suggested but not available for checking: ‘BSgenome.Hsapiens.UCSC.hg38’
Flavors: r-release-macos-x86_64, r-oldrel-macos-x86_64