Last updated on 2022-04-24 03:52:38 CEST.
Flavor | Version | Tinstall | Tcheck | Ttotal | Status | Flags |
---|---|---|---|---|---|---|
r-devel-linux-x86_64-debian-clang | 0.6 | 4.83 | 76.38 | 81.21 | OK | |
r-devel-linux-x86_64-debian-gcc | 0.6 | 3.79 | 56.94 | 60.73 | OK | |
r-devel-linux-x86_64-fedora-clang | 0.6 | 105.66 | NOTE | |||
r-devel-linux-x86_64-fedora-gcc | 0.6 | 97.07 | OK | |||
r-patched-linux-x86_64 | 0.6 | 3.91 | 71.39 | 75.30 | OK | |
r-release-linux-x86_64 | 0.6 | 4.13 | 68.18 | 72.31 | OK | |
r-release-macos-arm64 | 0.6 | NOTE | ||||
r-release-macos-x86_64 | 0.6 | ERROR | ||||
r-release-windows-x86_64 | 0.6 | 21.00 | 99.00 | 120.00 | OK | |
r-oldrel-macos-arm64 | 0.6 | NOTE | ||||
r-oldrel-macos-x86_64 | 0.6 | ERROR | ||||
r-oldrel-windows-ix86+x86_64 | 0.6 | 10.00 | 87.00 | 97.00 | OK |
Version: 0.6
Check: package dependencies
Result: NOTE
Package suggested but not available for checking: ‘clipper’
Flavors: r-devel-linux-x86_64-fedora-clang, r-release-macos-arm64, r-oldrel-macos-arm64
Version: 0.6
Check: package dependencies
Result: ERROR
Package required but not available: ‘qpgraph’
Packages suggested but not available for checking: 'clipper', 'topologyGSA'
See section ‘The DESCRIPTION file’ in the ‘Writing R Extensions’
manual.
Flavors: r-release-macos-x86_64, r-oldrel-macos-x86_64