Last updated on 2022-04-24 03:52:38 CEST.
| Flavor | Version | Tinstall | Tcheck | Ttotal | Status | Flags | 
|---|---|---|---|---|---|---|
| r-devel-linux-x86_64-debian-clang | 1.2.1 | 85.04 | 210.52 | 295.56 | OK | |
| r-devel-linux-x86_64-debian-gcc | 1.2.1 | 64.86 | 150.61 | 215.47 | OK | |
| r-devel-linux-x86_64-fedora-clang | 1.2.1 | 390.94 | OK | |||
| r-devel-linux-x86_64-fedora-gcc | 1.2.1 | 334.74 | OK | |||
| r-patched-linux-x86_64 | 1.2.1 | 74.69 | 190.72 | 265.41 | OK | |
| r-release-linux-x86_64 | 1.2.1 | 74.16 | 182.52 | 256.68 | OK | |
| r-release-macos-arm64 | 1.2.1 | NOTE | ||||
| r-release-macos-x86_64 | 1.2.1 | NOTE | ||||
| r-release-windows-x86_64 | 1.2.1 | 105.00 | 245.00 | 350.00 | OK | |
| r-oldrel-macos-arm64 | 1.2.1 | NOTE | ||||
| r-oldrel-macos-x86_64 | 1.2.1 | NOTE | ||||
| r-oldrel-windows-ix86+x86_64 | 1.2.1 | 189.00 | 321.00 | 510.00 | NOTE | 
Version: 1.2.1
Check: installed package size
Result: NOTE
      installed size is  5.6Mb
      sub-directories of 1Mb or more:
        data   2.0Mb
        libs   2.7Mb
Flavors: r-release-macos-arm64, r-release-macos-x86_64, r-oldrel-macos-arm64, r-oldrel-macos-x86_64, r-oldrel-windows-ix86+x86_64