Last updated on 2022-04-24 03:52:38 CEST.
Flavor | Version | Tinstall | Tcheck | Ttotal | Status | Flags |
---|---|---|---|---|---|---|
r-devel-linux-x86_64-debian-clang | 0.1.1 | 6.24 | 173.32 | 179.56 | OK | |
r-devel-linux-x86_64-debian-gcc | 0.1.1 | 5.02 | 125.81 | 130.83 | OK | |
r-devel-linux-x86_64-fedora-clang | 0.1.1 | 208.16 | NOTE | |||
r-devel-linux-x86_64-fedora-gcc | 0.1.1 | 188.72 | NOTE | |||
r-patched-linux-x86_64 | 0.1.1 | 5.83 | 161.88 | 167.71 | OK | |
r-release-linux-x86_64 | 0.1.1 | 3.76 | 161.91 | 165.67 | OK | |
r-release-macos-arm64 | 0.1.1 | NOTE | ||||
r-release-macos-x86_64 | 0.1.1 | NOTE | ||||
r-release-windows-x86_64 | 0.1.1 | 25.00 | 269.00 | 294.00 | OK | |
r-oldrel-macos-arm64 | 0.1.1 | NOTE | ||||
r-oldrel-macos-x86_64 | 0.1.1 | NOTE | ||||
r-oldrel-windows-ix86+x86_64 | 0.1.1 | 15.00 | 281.00 | 296.00 | OK |
Version: 0.1.1
Check: dependencies in R code
Result: NOTE
Namespaces in Imports field not imported from:
‘future’ ‘magrittr’ ‘purrr’ ‘rlang’ ‘utils’
All declared Imports should be used.
Flavors: r-devel-linux-x86_64-fedora-clang, r-devel-linux-x86_64-fedora-gcc, r-release-macos-arm64, r-release-macos-x86_64, r-oldrel-macos-arm64, r-oldrel-macos-x86_64