Last updated on 2022-04-24 03:52:38 CEST.
Flavor | Version | Tinstall | Tcheck | Ttotal | Status | Flags |
---|---|---|---|---|---|---|
r-devel-linux-x86_64-debian-clang | 4.4.4 | 106.50 | 120.08 | 226.58 | OK | |
r-devel-linux-x86_64-debian-gcc | 4.4.4 | 107.92 | 91.90 | 199.82 | OK | |
r-devel-linux-x86_64-fedora-clang | 4.4.4 | 308.13 | NOTE | |||
r-devel-linux-x86_64-fedora-gcc | 4.4.4 | 302.09 | OK | |||
r-patched-linux-x86_64 | 4.4.4 | 112.95 | 114.20 | 227.15 | OK | |
r-release-linux-x86_64 | 4.4.4 | 109.29 | 127.48 | 236.77 | OK | |
r-release-macos-arm64 | 4.4.4 | NOTE | ||||
r-release-macos-x86_64 | 4.4.4 | NOTE | ||||
r-release-windows-x86_64 | 4.4.4 | 263.00 | 232.00 | 495.00 | OK | |
r-oldrel-macos-arm64 | 4.4.4 | NOTE | ||||
r-oldrel-macos-x86_64 | 4.4.4 | NOTE | ||||
r-oldrel-windows-ix86+x86_64 | 4.4.4 | 258.00 | 190.00 | 448.00 | NOTE |
Version: 4.4.4
Check: installed package size
Result: NOTE
installed size is 10.9Mb
sub-directories of 1Mb or more:
doc 1.7Mb
libs 8.7Mb
Flavors: r-devel-linux-x86_64-fedora-clang, r-release-macos-arm64, r-release-macos-x86_64, r-oldrel-macos-arm64, r-oldrel-macos-x86_64, r-oldrel-windows-ix86+x86_64