Last updated on 2022-04-24 03:52:38 CEST.
Flavor | Version | Tinstall | Tcheck | Ttotal | Status | Flags |
---|---|---|---|---|---|---|
r-devel-linux-x86_64-debian-clang | 2021.03.10 | 5.46 | 57.38 | 62.84 | NOTE | |
r-devel-linux-x86_64-debian-gcc | 2021.03.10 | 4.31 | 43.37 | 47.68 | NOTE | |
r-devel-linux-x86_64-fedora-clang | 2021.03.10 | 73.06 | NOTE | |||
r-devel-linux-x86_64-fedora-gcc | 2021.03.10 | 62.64 | NOTE | |||
r-patched-linux-x86_64 | 2021.03.10 | 5.10 | 54.52 | 59.62 | NOTE | |
r-release-linux-x86_64 | 2021.03.10 | 5.22 | 51.52 | 56.74 | NOTE | |
r-release-macos-arm64 | 2021.03.10 | NOTE | ||||
r-release-macos-x86_64 | 2021.03.10 | NOTE | ||||
r-release-windows-x86_64 | 2021.03.10 | 26.00 | 79.00 | 105.00 | NOTE | |
r-oldrel-macos-arm64 | 2021.03.10 | NOTE | ||||
r-oldrel-macos-x86_64 | 2021.03.10 | NOTE | ||||
r-oldrel-windows-ix86+x86_64 | 2021.03.10 | 12.00 | 65.00 | 77.00 | NOTE |
Version: 2021.03.10
Check: LazyData
Result: NOTE
'LazyData' is specified without a 'data' directory
Flavors: r-devel-linux-x86_64-debian-clang, r-devel-linux-x86_64-debian-gcc, r-devel-linux-x86_64-fedora-clang, r-devel-linux-x86_64-fedora-gcc, r-patched-linux-x86_64, r-release-linux-x86_64, r-release-macos-arm64, r-release-macos-x86_64, r-release-windows-x86_64, r-oldrel-macos-arm64, r-oldrel-macos-x86_64, r-oldrel-windows-ix86+x86_64
Version: 2021.03.10
Check: dependencies in R code
Result: NOTE
Namespace in Imports field not imported from: ‘DBI’
All declared Imports should be used.
Flavors: r-devel-linux-x86_64-fedora-clang, r-devel-linux-x86_64-fedora-gcc, r-release-macos-arm64, r-release-macos-x86_64, r-oldrel-macos-arm64, r-oldrel-macos-x86_64