Last updated on 2022-04-24 03:52:38 CEST.
Flavor | Version | Tinstall | Tcheck | Ttotal | Status | Flags |
---|---|---|---|---|---|---|
r-devel-linux-x86_64-debian-clang | 6.2.0 | 25.91 | 272.37 | 298.28 | OK | |
r-devel-linux-x86_64-debian-gcc | 6.2.0 | 19.54 | 194.97 | 214.51 | OK | |
r-devel-linux-x86_64-fedora-clang | 6.2.0 | 354.22 | NOTE | |||
r-devel-linux-x86_64-fedora-gcc | 6.2.0 | 323.37 | OK | |||
r-patched-linux-x86_64 | 6.2.0 | 23.34 | 252.38 | 275.72 | OK | |
r-release-linux-x86_64 | 6.2.0 | 15.45 | 235.49 | 250.94 | OK | |
r-release-macos-arm64 | 6.2.0 | OK | ||||
r-release-macos-x86_64 | 6.2.0 | OK | ||||
r-release-windows-x86_64 | 6.2.0 | 82.00 | 286.00 | 368.00 | OK | |
r-oldrel-macos-arm64 | 6.2.0 | OK | ||||
r-oldrel-macos-x86_64 | 6.2.0 | OK | ||||
r-oldrel-windows-ix86+x86_64 | 6.2.0 | 43.00 | 287.00 | 330.00 | OK |
Version: 6.2.0
Check: package dependencies
Result: NOTE
Imports includes 22 non-default packages.
Importing from so many packages makes the package vulnerable to any of
them becoming unavailable. Move as many as possible to Suggests and
use conditionally.
Flavor: r-devel-linux-x86_64-fedora-clang