Last updated on 2022-04-24 03:52:38 CEST.
Flavor | Version | Tinstall | Tcheck | Ttotal | Status | Flags |
---|---|---|---|---|---|---|
r-devel-linux-x86_64-debian-clang | 1.3 | 5.73 | 50.17 | 55.90 | OK | |
r-devel-linux-x86_64-debian-gcc | 1.3 | 4.90 | 38.18 | 43.08 | OK | |
r-devel-linux-x86_64-fedora-clang | 1.3 | 67.56 | NOTE | |||
r-devel-linux-x86_64-fedora-gcc | 1.3 | 56.15 | NOTE | |||
r-patched-linux-x86_64 | 1.3 | 4.43 | 47.51 | 51.94 | OK | |
r-release-linux-x86_64 | 1.3 | 5.49 | 48.33 | 53.82 | OK | |
r-release-macos-arm64 | 1.3 | OK | ||||
r-release-macos-x86_64 | 1.3 | OK | ||||
r-release-windows-x86_64 | 1.3 | 40.00 | 73.00 | 113.00 | OK | |
r-oldrel-macos-arm64 | 1.3 | OK | ||||
r-oldrel-macos-x86_64 | 1.3 | OK | ||||
r-oldrel-windows-ix86+x86_64 | 1.3 | 13.00 | 60.00 | 73.00 | OK |
Version: 1.3
Check: compiled code
Result: NOTE
File ‘simplexreg/libs/simplexreg.so’:
Found no calls to: ‘R_registerRoutines’, ‘R_useDynamicSymbols’
It is good practice to register native routines and to disable symbol
search.
See ‘Writing portable packages’ in the ‘Writing R Extensions’ manual.
Flavors: r-devel-linux-x86_64-fedora-clang, r-devel-linux-x86_64-fedora-gcc