Last updated on 2022-04-24 03:52:38 CEST.
Flavor | Version | Tinstall | Tcheck | Ttotal | Status | Flags |
---|---|---|---|---|---|---|
r-devel-linux-x86_64-debian-clang | 0.2.0 | 506.80 | 149.16 | 655.96 | OK | |
r-devel-linux-x86_64-debian-gcc | 0.2.0 | 405.15 | 110.02 | 515.17 | OK | |
r-devel-linux-x86_64-fedora-clang | 0.2.0 | 1001.18 | NOTE | |||
r-devel-linux-x86_64-fedora-gcc | 0.2.0 | 842.27 | OK | |||
r-patched-linux-x86_64 | 0.2.0 | 350.96 | 142.12 | 493.08 | OK | |
r-release-linux-x86_64 | 0.2.0 | 356.12 | 138.16 | 494.28 | OK | |
r-release-macos-arm64 | 0.2.0 | NOTE | ||||
r-release-macos-x86_64 | 0.2.0 | NOTE | ||||
r-release-windows-x86_64 | 0.2.0 | 424.00 | 199.00 | 623.00 | OK | |
r-oldrel-macos-arm64 | 0.2.0 | NOTE | ||||
r-oldrel-macos-x86_64 | 0.2.0 | NOTE | ||||
r-oldrel-windows-ix86+x86_64 | 0.2.0 | 1165.00 | 226.00 | 1391.00 | NOTE |
Version: 0.2.0
Check: installed package size
Result: NOTE
installed size is 17.5Mb
sub-directories of 1Mb or more:
doc 1.5Mb
libs 15.1Mb
Flavors: r-devel-linux-x86_64-fedora-clang, r-release-macos-arm64, r-release-macos-x86_64, r-oldrel-macos-arm64, r-oldrel-macos-x86_64, r-oldrel-windows-ix86+x86_64