Last updated on 2022-04-24 03:52:38 CEST.
Flavor | Version | Tinstall | Tcheck | Ttotal | Status | Flags |
---|---|---|---|---|---|---|
r-devel-linux-x86_64-debian-clang | 0.2.3 | 2.84 | 44.56 | 47.40 | OK | |
r-devel-linux-x86_64-debian-gcc | 0.2.3 | 2.46 | 34.43 | 36.89 | OK | |
r-devel-linux-x86_64-fedora-clang | 0.2.3 | 63.36 | NOTE | |||
r-devel-linux-x86_64-fedora-gcc | 0.2.3 | 52.89 | NOTE | |||
r-patched-linux-x86_64 | 0.2.3 | 3.17 | 43.96 | 47.13 | OK | |
r-release-linux-x86_64 | 0.2.3 | 2.51 | 46.68 | 49.19 | OK | |
r-release-macos-arm64 | 0.2.3 | NOTE | ||||
r-release-macos-x86_64 | 0.2.3 | NOTE | ||||
r-release-windows-x86_64 | 0.2.3 | 8.00 | 68.00 | 76.00 | OK | |
r-oldrel-macos-arm64 | 0.2.3 | NOTE | ||||
r-oldrel-macos-x86_64 | 0.2.3 | NOTE | ||||
r-oldrel-windows-ix86+x86_64 | 0.2.3 | 14.00 | 64.00 | 78.00 | OK |
Version: 0.2.3
Check: dependencies in R code
Result: NOTE
Namespaces in Imports field not imported from:
‘crqa’ ‘plot3D’
All declared Imports should be used.
Flavors: r-devel-linux-x86_64-fedora-clang, r-devel-linux-x86_64-fedora-gcc, r-release-macos-arm64, r-release-macos-x86_64, r-oldrel-macos-arm64, r-oldrel-macos-x86_64