Last updated on 2022-04-24 03:52:38 CEST.
Flavor | Version | Tinstall | Tcheck | Ttotal | Status | Flags |
---|---|---|---|---|---|---|
r-devel-linux-x86_64-debian-clang | 0.3.4 | 12.19 | 242.00 | 254.19 | OK | |
r-devel-linux-x86_64-debian-gcc | 0.3.4 | 10.09 | 182.41 | 192.50 | OK | |
r-devel-linux-x86_64-fedora-clang | 0.3.4 | 310.53 | OK | |||
r-devel-linux-x86_64-fedora-gcc | 0.3.4 | 286.03 | OK | |||
r-patched-linux-x86_64 | 0.3.4 | 12.34 | 232.93 | 245.27 | OK | |
r-release-linux-x86_64 | 0.3.4 | 11.12 | 222.51 | 233.63 | OK | |
r-release-macos-arm64 | 0.3.4 | NOTE | ||||
r-release-macos-x86_64 | 0.3.4 | OK | ||||
r-release-windows-x86_64 | 0.3.4 | 133.00 | 255.00 | 388.00 | OK | |
r-oldrel-macos-arm64 | 0.3.4 | NOTE | ||||
r-oldrel-macos-x86_64 | 0.3.4 | OK | ||||
r-oldrel-windows-ix86+x86_64 | 0.3.4 | 27.00 | 262.00 | 289.00 | OK |
Version: 0.3.4
Check: package dependencies
Result: NOTE
Packages suggested but not available for checking:
'SummarizedExperiment', 'SingleCellExperiment'
Flavors: r-release-macos-arm64, r-oldrel-macos-arm64