Last updated on 2022-04-24 03:52:38 CEST.
Flavor | Version | Tinstall | Tcheck | Ttotal | Status | Flags |
---|---|---|---|---|---|---|
r-devel-linux-x86_64-debian-clang | 1.0.0 | 2.17 | 32.51 | 34.68 | OK | |
r-devel-linux-x86_64-debian-gcc | 1.0.0 | 1.72 | 25.20 | 26.92 | OK | |
r-devel-linux-x86_64-fedora-clang | 1.0.0 | 42.84 | OK | |||
r-devel-linux-x86_64-fedora-gcc | 1.0.0 | 30.69 | OK | |||
r-patched-linux-x86_64 | 1.0.0 | 0.79 | 11.41 | 12.20 | ERROR | |
r-release-linux-x86_64 | 1.0.0 | 2.15 | 31.32 | 33.47 | OK | |
r-release-macos-arm64 | 1.0.0 | OK | ||||
r-release-macos-x86_64 | 1.0.0 | OK | ||||
r-release-windows-x86_64 | 1.0.0 | 12.00 | 46.00 | 58.00 | OK | |
r-oldrel-macos-arm64 | 1.0.0 | OK | ||||
r-oldrel-macos-x86_64 | 1.0.0 | OK | ||||
r-oldrel-windows-ix86+x86_64 | 1.0.0 | 4.00 | 27.00 | 31.00 | OK |
Version: 1.0.0
Check: whether package can be installed
Result: ERROR
Installation failed.
Flavor: r-patched-linux-x86_64