Last updated on 2022-04-24 03:52:38 CEST.
Flavor | Version | Tinstall | Tcheck | Ttotal | Status | Flags |
---|---|---|---|---|---|---|
r-devel-linux-x86_64-debian-clang | 0.3.2 | 114.93 | 146.48 | 261.41 | WARN | |
r-devel-linux-x86_64-debian-gcc | 0.3.2 | 92.83 | 108.19 | 201.02 | OK | |
r-devel-linux-x86_64-fedora-clang | 0.3.2 | 343.42 | WARN | |||
r-devel-linux-x86_64-fedora-gcc | 0.3.2 | 309.70 | OK | |||
r-patched-linux-x86_64 | 0.3.2 | 98.78 | 137.59 | 236.37 | OK | |
r-release-linux-x86_64 | 0.3.2 | 99.78 | 127.85 | 227.63 | OK | |
r-release-macos-arm64 | 0.3.2 | NOTE | ||||
r-release-macos-x86_64 | 0.3.2 | NOTE | ||||
r-release-windows-x86_64 | 0.3.2 | 90.00 | 177.00 | 267.00 | OK | |
r-oldrel-macos-arm64 | 0.3.2 | NOTE | ||||
r-oldrel-macos-x86_64 | 0.3.2 | NOTE | ||||
r-oldrel-windows-ix86+x86_64 | 0.3.2 | 250.00 | 217.00 | 467.00 | OK |
Version: 0.3.2
Check: whether package can be installed
Result: WARN
Found the following significant warnings:
Forest.cpp:345:9: warning: use of bitwise '&' with boolean operands [-Wbitwise-instead-of-logical]
Flavors: r-devel-linux-x86_64-debian-clang, r-devel-linux-x86_64-fedora-clang
Version: 0.3.2
Check: installed package size
Result: NOTE
installed size is 5.5Mb
sub-directories of 1Mb or more:
libs 5.2Mb
Flavors: r-devel-linux-x86_64-fedora-clang, r-release-macos-arm64, r-release-macos-x86_64, r-oldrel-macos-arm64, r-oldrel-macos-x86_64
Version: 0.3.2
Check: Rd cross-references
Result: NOTE
Undeclared package ‘ranger’ in Rd xrefs
Flavor: r-devel-linux-x86_64-fedora-clang