Last updated on 2022-04-24 03:52:38 CEST.
Flavor | Version | Tinstall | Tcheck | Ttotal | Status | Flags |
---|---|---|---|---|---|---|
r-devel-linux-x86_64-debian-clang | 1.0.2 | 3.08 | 37.89 | 40.97 | OK | |
r-devel-linux-x86_64-debian-gcc | 1.0.2 | 2.36 | 29.57 | 31.93 | OK | |
r-devel-linux-x86_64-fedora-clang | 1.0.2 | 50.00 | NOTE | |||
r-devel-linux-x86_64-fedora-gcc | 1.0.2 | 37.65 | NOTE | |||
r-patched-linux-x86_64 | 1.0.2 | 2.04 | 35.80 | 37.84 | OK | |
r-release-linux-x86_64 | 1.0.2 | 2.80 | 35.93 | 38.73 | OK | |
r-release-macos-arm64 | 1.0.2 | NOTE | ||||
r-release-macos-x86_64 | 1.0.2 | NOTE | ||||
r-release-windows-x86_64 | 1.0.2 | 18.00 | 55.00 | 73.00 | OK | |
r-oldrel-macos-arm64 | 1.0.2 | NOTE | ||||
r-oldrel-macos-x86_64 | 1.0.2 | NOTE | ||||
r-oldrel-windows-ix86+x86_64 | 1.0.2 | 6.00 | 46.00 | 52.00 | OK |
Version: 1.0.2
Check: data for non-ASCII characters
Result: NOTE
Note: found 2 marked UTF-8 strings
Flavors: r-devel-linux-x86_64-fedora-clang, r-devel-linux-x86_64-fedora-gcc, r-release-macos-arm64, r-release-macos-x86_64, r-oldrel-macos-arm64, r-oldrel-macos-x86_64